{"id":503,"date":"2016-07-23T22:28:20","date_gmt":"2016-07-23T20:28:20","guid":{"rendered":"https:\/\/www.mikatani.com\/boutique\/mode-de-paiement\/"},"modified":"2016-07-23T22:28:20","modified_gmt":"2016-07-23T20:28:20","slug":"mode-de-paiement","status":"publish","type":"page","link":"https:\/\/www.mikatani.com\/boutique\/mode-de-paiement","title":{"rendered":"Paiement S\u00e9curis\u00e9"},"content":{"rendered":"<h2>Paiement S\u00e9curis\u00e9<\/h2>\n<h3><strong>Caisse d&#8217;Epargne<br \/><\/strong><\/h3>\n<p><strong>Mikatani<\/strong> utilise Atos et <strong>3D SECURE<\/strong> pour le <strong>paiement s\u00e9curis\u00e9 des transactions<\/strong>, en partenariat avec la <strong>Caisse d&#8217;Epargne<\/strong>. Ceci assure \u00e0 nos clients une protection maximale au niveau des transactions bancaires.<\/p>\n<\/p>\n<p>Vous pouvez effectuer une commande et son paiement 24 h sur 24 par carte bancaire.<br \/>Vous \u00eates redirig\u00e9(e) vers le site s\u00e9curis\u00e9 SSL de la Caisse d&#8217;Epargne. Les informations saisies sont crypt\u00e9es et directement transmises au serveur de paiement de la Caisse d&#8217;Epargne.<\/p>\n<\/p>\n<p><img class=\" size-full wp-image-502\" src=\"https:\/\/www.mikatani.com\/boutique\/wp-content\/uploads\/2016\/07\/3dsecure-3D-Secure.jpg\" alt=\"3D Secure\" width=\"221\" height=\"61\" srcset=\"https:\/\/www.mikatani.com\/boutique\/wp-content\/uploads\/2016\/07\/3dsecure-3D-Secure.jpg 388w, https:\/\/www.mikatani.com\/boutique\/wp-content\/uploads\/2016\/07\/3dsecure-3D-Secure-300x83.jpg 300w, https:\/\/www.mikatani.com\/boutique\/wp-content\/uploads\/2016\/07\/3dsecure-3D-Secure-250x69.jpg 250w, https:\/\/www.mikatani.com\/boutique\/wp-content\/uploads\/2016\/07\/3dsecure-3D-Secure-120x33.jpg 120w\" sizes=\"(max-width: 221px) 100vw, 221px\" \/>\u00a0\u00a0 \u00a0<\/p>\n<p>Le syst\u00e8me de paiement par <strong>authentification 3D Secure<\/strong>, d\u00e9velopp\u00e9 par Visa et Mastercard sous les appellations Verified By Visa et MasterCard SecureCode, permet une <strong>s\u00e9curit\u00e9 optimale<\/strong> lors de vos achats en ligne.<\/p>\n<p>Apr\u00e8s saisie des informations de votre carte bancaire, votre banque v\u00e9rifie l&#8217;identit\u00e9 du porteur de la carte avant d\u2019apporter une validation \u00e0 la transaction.<\/p>\n<p><strong>Comment \u00e7a fonctionne ?<\/strong><\/p>\n<p>Le proc\u00e9d\u00e9 d&#8217;authentification d\u00e9pend de votre banque.<br \/>Apr\u00e8s avoir renseign\u00e9 les informations habituelles relatives au paiement, une saisie compl\u00e9mentaire vous est alors demand\u00e9e. Celle-ci est fonction de la banque dans laquelle vous vous trouvez. Il peut s\u2019agir par exemple :<br \/>&#8211; de votre date de naissance<br \/>&#8211; d\u2019un code re\u00e7u par SMS<br \/>&#8211; d\u2019une information personnelle convenue entre vous et votre banque<\/p>\n<p>Cet \u00e9change d&#8217;informations est s\u00e9curis\u00e9 et permet de garantir l&#8217;identit\u00e9 de l&#8217;utilisateur de la carte.<br \/>En cas de difficult\u00e9, n\u2019h\u00e9sitez pas \u00e0 consulter le site Internet de votre banque ou votre conseiller.<\/p>\n<p>Si vous ne disposez pas de carte bancaire, n\u2019h\u00e9sitez pas \u00e0 nous contacter, nous trouverons une solution efficace, par ch\u00e8que ou virement bancaire, selon le montant.<\/p>\n","protected":false},"excerpt":{"rendered":"<p>Paiement S\u00e9curis\u00e9 Caisse d&#8217;Epargne Mikatani utilise Atos et 3D SECURE pour le paiement s\u00e9curis\u00e9 des transactions, en partenariat avec la Caisse d&#8217;Epargne. Ceci assure \u00e0 nos clients une protection maximale au niveau des transactions bancaires. Vous pouvez effectuer une commande et son paiement 24 h sur 24 par carte bancaire.Vous \u00eates redirig\u00e9(e) vers le site s\u00e9curis\u00e9 SSL de la Caisse d&#8217;Epargne. Les informations saisies sont crypt\u00e9es et directement transmises au serveur de paiement de la Caisse d&#8217;Epargne. \u00a0\u00a0 \u00a0 Le syst\u00e8me de paiement par authentification 3D Secure, d\u00e9velopp\u00e9 par Visa et Mastercard sous les appellations Verified By Visa et MasterCard SecureCode, permet une s\u00e9curit\u00e9 optimale lors de vos achats en ligne. Apr\u00e8s saisie des informations de votre carte bancaire, votre banque v\u00e9rifie l&#8217;identit\u00e9 du porteur de la carte avant d\u2019apporter une validation \u00e0 la transaction. Comment \u00e7a fonctionne ? Le proc\u00e9d\u00e9 d&#8217;authentification d\u00e9pend de votre banque.Apr\u00e8s avoir renseign\u00e9 les informations habituelles relatives au paiement, une saisie compl\u00e9mentaire vous est alors demand\u00e9e. Celle-ci est fonction de la banque dans laquelle vous vous trouvez. Il peut s\u2019agir par exemple :&#8211; de votre date de naissance&#8211; d\u2019un code re\u00e7u par SMS&#8211; d\u2019une information personnelle convenue entre vous et votre banque Cet \u00e9change d&#8217;informations est s\u00e9curis\u00e9 et permet de garantir l&#8217;identit\u00e9 de l&#8217;utilisateur de la carte.En cas de difficult\u00e9, n\u2019h\u00e9sitez pas \u00e0 consulter le site Internet de votre banque ou votre conseiller. Si vous ne disposez pas de carte bancaire, n\u2019h\u00e9sitez pas \u00e0 nous contacter, nous trouverons une solution efficace, par ch\u00e8que ou virement bancaire, selon le montant.<\/p>\n","protected":false},"author":1,"featured_media":502,"parent":0,"menu_order":3,"comment_status":"closed","ping_status":"closed","template":"","meta":[],"yst_prominent_words":[],"_links":{"self":[{"href":"https:\/\/www.mikatani.com\/boutique\/wp-json\/wp\/v2\/pages\/503"}],"collection":[{"href":"https:\/\/www.mikatani.com\/boutique\/wp-json\/wp\/v2\/pages"}],"about":[{"href":"https:\/\/www.mikatani.com\/boutique\/wp-json\/wp\/v2\/types\/page"}],"author":[{"embeddable":true,"href":"https:\/\/www.mikatani.com\/boutique\/wp-json\/wp\/v2\/users\/1"}],"replies":[{"embeddable":true,"href":"https:\/\/www.mikatani.com\/boutique\/wp-json\/wp\/v2\/comments?post=503"}],"version-history":[{"count":0,"href":"https:\/\/www.mikatani.com\/boutique\/wp-json\/wp\/v2\/pages\/503\/revisions"}],"wp:featuredmedia":[{"embeddable":true,"href":"https:\/\/www.mikatani.com\/boutique\/wp-json\/wp\/v2\/media\/502"}],"wp:attachment":[{"href":"https:\/\/www.mikatani.com\/boutique\/wp-json\/wp\/v2\/media?parent=503"}],"wp:term":[{"taxonomy":"yst_prominent_words","embeddable":true,"href":"https:\/\/www.mikatani.com\/boutique\/wp-json\/wp\/v2\/yst_prominent_words?post=503"}],"curies":[{"name":"wp","href":"https:\/\/api.w.org\/{rel}","templated":true}]}}