{"id":1031,"date":"2017-06-27T22:28:08","date_gmt":"2017-06-27T20:28:08","guid":{"rendered":"https:\/\/www.mikatani.com\/boutique\/produit-japonais\/cuillere-japonaise-noire-ceramique-soupe\/"},"modified":"2021-07-28T10:58:54","modified_gmt":"2021-07-28T08:58:54","slug":"cuillere-japonaise-noire-ceramique-soupe","status":"publish","type":"product","link":"https:\/\/www.mikatani.com\/boutique\/produits-traditionnels\/ustensiles-cuisine-vaisselle-japonaise\/cuillere-japonaise-noire-ceramique-soupe","title":{"rendered":"Cuill\u00e8re japonaise noire en c\u00e9ramique pour soupe"},"content":{"rendered":"<h2>Pratique cuill\u00e8re japonaise noire en c\u00e9ramique pour soupe<\/h2>\n<p>Les nouilles japonaises, g\u00e9n\u00e9ralement appel\u00e9es &#8220;ramen&#8221; ou &#8220;udon&#8221;, sont des mets japonais d\u00e9licieux et relativement bon march\u00e9.<\/p>\n<p>Elles sont toujours consomm\u00e9es avec des baguettes japonaises ainsi qu&#8217;une cuill\u00e8re pour les nouilles en c\u00e9ramique afin de profiter de la savoureuse soupe qui accompagne les nouilles !<\/p>\n<p>Taille: 15 cm de long<\/p>\n","protected":false},"excerpt":{"rendered":"<p>La cuill\u00e8re japonaise noire en c\u00e9ramique pour soupe est une cuill\u00e8re \u00e0 soupe pour les nouilles en c\u00e9ramique japonaise noire avec une bordure brune et l&#8217;extr\u00e9mit\u00e9 est l\u00e9g\u00e8rement incurv\u00e9e pour \u00e9viter qu&#8217;elle ne tombe dans votre bol !<\/p>\n","protected":false},"featured_media":1029,"comment_status":"open","ping_status":"closed","template":"","meta":[],"product_cat":[137],"product_tag":[],"yst_prominent_words":[1822,1619,1607,1754,1812],"_links":{"self":[{"href":"https:\/\/www.mikatani.com\/boutique\/wp-json\/wp\/v2\/product\/1031"}],"collection":[{"href":"https:\/\/www.mikatani.com\/boutique\/wp-json\/wp\/v2\/product"}],"about":[{"href":"https:\/\/www.mikatani.com\/boutique\/wp-json\/wp\/v2\/types\/product"}],"replies":[{"embeddable":true,"href":"https:\/\/www.mikatani.com\/boutique\/wp-json\/wp\/v2\/comments?post=1031"}],"version-history":[{"count":1,"href":"https:\/\/www.mikatani.com\/boutique\/wp-json\/wp\/v2\/product\/1031\/revisions"}],"predecessor-version":[{"id":1246282,"href":"https:\/\/www.mikatani.com\/boutique\/wp-json\/wp\/v2\/product\/1031\/revisions\/1246282"}],"wp:featuredmedia":[{"embeddable":true,"href":"https:\/\/www.mikatani.com\/boutique\/wp-json\/wp\/v2\/media\/1029"}],"wp:attachment":[{"href":"https:\/\/www.mikatani.com\/boutique\/wp-json\/wp\/v2\/media?parent=1031"}],"wp:term":[{"taxonomy":"product_cat","embeddable":true,"href":"https:\/\/www.mikatani.com\/boutique\/wp-json\/wp\/v2\/product_cat?post=1031"},{"taxonomy":"product_tag","embeddable":true,"href":"https:\/\/www.mikatani.com\/boutique\/wp-json\/wp\/v2\/product_tag?post=1031"},{"taxonomy":"yst_prominent_words","embeddable":true,"href":"https:\/\/www.mikatani.com\/boutique\/wp-json\/wp\/v2\/yst_prominent_words?post=1031"}],"curies":[{"name":"wp","href":"https:\/\/api.w.org\/{rel}","templated":true}]}}