{"id":1043,"date":"2017-06-27T23:33:14","date_gmt":"2017-06-27T21:33:14","guid":{"rendered":"https:\/\/www.mikatani.com\/boutique\/produit-japonais\/bol-japonais-laque-noir-noodle\/"},"modified":"2025-03-28T11:00:30","modified_gmt":"2025-03-28T10:00:30","slug":"bol-japonais-laque-noir-noodle","status":"publish","type":"product","link":"https:\/\/www.mikatani.com\/boutique\/produits-traditionnels\/ustensiles-cuisine-vaisselle-japonaise\/bols-japonais\/bol-japonais-laque-noir-noodle","title":{"rendered":"Bol japonais laqu\u00e9 noir pour nouilles"},"content":{"rendered":"<p>Fabriqu\u00e9 au Japon,\u00a0ces bols japonais traditionnels vernis en plastique mais tr\u00e8s robustes, sont habituellement utilis\u00e9s pour les noodle (nouilles japonaises).\u00a0La laque japonaise utilis\u00e9e pour le bol japonais laqu\u00e9 noir\u00a0pour Noodle est fortement appr\u00e9ci\u00e9e parce qu&#8217;elle contient une grande proportion de s\u00e8ve urushi qui donne \u00e0 la laque japonaise toutes ses qualit\u00e9s convoit\u00e9es.<\/p>\n<p>Taille: 16 cm de diam\u00e8tre x 8 cm de profondeur<\/p>\n","protected":false},"excerpt":{"rendered":"<p>Le bol japonais laqu\u00e9 noir pour Noodle (nouille) est un magnifique bol en laque noire \u00e0 haute brillance d\u00e9cor\u00e9 de fleurs rouges et dor\u00e9es.<\/p>\n","protected":false},"featured_media":1041,"comment_status":"open","ping_status":"closed","template":"","meta":[],"product_cat":[169,137,146],"product_tag":[],"yst_prominent_words":[475,416,498,1813,1804,1809],"_links":{"self":[{"href":"https:\/\/www.mikatani.com\/boutique\/wp-json\/wp\/v2\/product\/1043"}],"collection":[{"href":"https:\/\/www.mikatani.com\/boutique\/wp-json\/wp\/v2\/product"}],"about":[{"href":"https:\/\/www.mikatani.com\/boutique\/wp-json\/wp\/v2\/types\/product"}],"replies":[{"embeddable":true,"href":"https:\/\/www.mikatani.com\/boutique\/wp-json\/wp\/v2\/comments?post=1043"}],"version-history":[{"count":1,"href":"https:\/\/www.mikatani.com\/boutique\/wp-json\/wp\/v2\/product\/1043\/revisions"}],"predecessor-version":[{"id":219839,"href":"https:\/\/www.mikatani.com\/boutique\/wp-json\/wp\/v2\/product\/1043\/revisions\/219839"}],"wp:featuredmedia":[{"embeddable":true,"href":"https:\/\/www.mikatani.com\/boutique\/wp-json\/wp\/v2\/media\/1041"}],"wp:attachment":[{"href":"https:\/\/www.mikatani.com\/boutique\/wp-json\/wp\/v2\/media?parent=1043"}],"wp:term":[{"taxonomy":"product_cat","embeddable":true,"href":"https:\/\/www.mikatani.com\/boutique\/wp-json\/wp\/v2\/product_cat?post=1043"},{"taxonomy":"product_tag","embeddable":true,"href":"https:\/\/www.mikatani.com\/boutique\/wp-json\/wp\/v2\/product_tag?post=1043"},{"taxonomy":"yst_prominent_words","embeddable":true,"href":"https:\/\/www.mikatani.com\/boutique\/wp-json\/wp\/v2\/yst_prominent_words?post=1043"}],"curies":[{"name":"wp","href":"https:\/\/api.w.org\/{rel}","templated":true}]}}