{"id":1062,"date":"2017-06-28T15:16:32","date_gmt":"2017-06-28T13:16:32","guid":{"rendered":"https:\/\/www.mikatani.com\/boutique\/produit-japonais\/eventail-pliant-japonais-bleu-fleurs-ceriser\/"},"modified":"2020-12-10T23:37:07","modified_gmt":"2020-12-10T22:37:07","slug":"eventail-pliant-japonais-bleu-fleurs-ceriser","status":"publish","type":"product","link":"https:\/\/www.mikatani.com\/boutique\/produits-traditionnels\/art-japonais\/eventails-japonais\/eventail-pliant-japonais-bleu-fleurs-ceriser","title":{"rendered":"Eventail pliant japonais bleu fleurs de ceriser"},"content":{"rendered":"<p>Il s&#8217;ouvre et se ferme de mani\u00e8re traditionnelle. Il est donc parfait pour vous garder au frais par temps chaud et se plie soigneusement pour le stocker dans un sac \u00e0 main.\u00a0L&#8217;\u00e9ventail pliant japonais bleu \u00e0 fleurs de cerisier est un cadeau japonais traditionnel id\u00e9al et abordable.<\/p>\n<p>Nous vous recommandons d&#8217;utiliser un support pour \u00e9ventail japonais en bambou ou un support mural pour exposer votre \u00e9ventail de mani\u00e8re plus attrayante !<\/p>\n<p>Taille: 21 cm ferm\u00e9, 35 cm ouvert<br \/>\nSupport en bambou non fourni<\/p>\n","protected":false},"excerpt":{"rendered":"<p>L&#8217;\u00e9ventail pliant japonais bleu \u00e0 fleurs de cerisier est un \u00e9l\u00e9gant \u00e9ventail oriental fabriqu\u00e9 \u00e0 partir de soie et de bambou de couleur bleu royal et un dessin floral.<\/p>\n","protected":false},"featured_media":1060,"comment_status":"open","ping_status":"closed","template":"","meta":[],"product_cat":[179,139,146,147],"product_tag":[],"yst_prominent_words":[1807,475,1803,416,1765],"_links":{"self":[{"href":"https:\/\/www.mikatani.com\/boutique\/wp-json\/wp\/v2\/product\/1062"}],"collection":[{"href":"https:\/\/www.mikatani.com\/boutique\/wp-json\/wp\/v2\/product"}],"about":[{"href":"https:\/\/www.mikatani.com\/boutique\/wp-json\/wp\/v2\/types\/product"}],"replies":[{"embeddable":true,"href":"https:\/\/www.mikatani.com\/boutique\/wp-json\/wp\/v2\/comments?post=1062"}],"version-history":[{"count":1,"href":"https:\/\/www.mikatani.com\/boutique\/wp-json\/wp\/v2\/product\/1062\/revisions"}],"predecessor-version":[{"id":1246202,"href":"https:\/\/www.mikatani.com\/boutique\/wp-json\/wp\/v2\/product\/1062\/revisions\/1246202"}],"wp:featuredmedia":[{"embeddable":true,"href":"https:\/\/www.mikatani.com\/boutique\/wp-json\/wp\/v2\/media\/1060"}],"wp:attachment":[{"href":"https:\/\/www.mikatani.com\/boutique\/wp-json\/wp\/v2\/media?parent=1062"}],"wp:term":[{"taxonomy":"product_cat","embeddable":true,"href":"https:\/\/www.mikatani.com\/boutique\/wp-json\/wp\/v2\/product_cat?post=1062"},{"taxonomy":"product_tag","embeddable":true,"href":"https:\/\/www.mikatani.com\/boutique\/wp-json\/wp\/v2\/product_tag?post=1062"},{"taxonomy":"yst_prominent_words","embeddable":true,"href":"https:\/\/www.mikatani.com\/boutique\/wp-json\/wp\/v2\/yst_prominent_words?post=1062"}],"curies":[{"name":"wp","href":"https:\/\/api.w.org\/{rel}","templated":true}]}}