{"id":1107,"date":"2017-07-02T11:40:05","date_gmt":"2017-07-02T09:40:05","guid":{"rendered":"https:\/\/www.mikatani.com\/boutique\/produit-japonais\/30-encens-japonais-brume-soir\/"},"modified":"2020-04-14T18:15:01","modified_gmt":"2020-04-14T16:15:01","slug":"30-encens-japonais-brume-soir","status":"publish","type":"product","link":"https:\/\/www.mikatani.com\/boutique\/produits-traditionnels\/encens\/30-encens-japonais-brume-soir","title":{"rendered":"30 encens japonais Brume du soir"},"content":{"rendered":"<p>Le parfum de cet\u00a0<a href=\"https:\/\/www.mikatani.com\/36-encens\">encens authentique japonais<\/a> est un m\u00e9lange parfait de celui du bois de santal, de la tub\u00e9reuse et du jasmin. Une parfaite brume de soir, les b\u00e2tonnets vous procureront une atmosph\u00e8re apaisante sur une dur\u00e9e allant de 15 \u00e0 17 minutes apr\u00e8s une dure journ\u00e9e de travail.\u00a0 Les b\u00e2tonnets mesurent 30 x 7 cm. Le paquet est un\u00a0<a href=\"https:\/\/www.mikatani.com\/32-cadeau-japonais\">cadeau id\u00e9al<\/a> pour ceux amoureux de la culture japonaise.\u00a0 Offert dans une bo\u00eete \u00e0 cadeau en bois, la surprise est de taille pour celles qui envient une ambiance japonaise dans l\u2019air.<\/p>\n<p>Taille de la bo\u00eete cadeau: 10 x 5 x 2.5cm<\/p>\n","protected":false},"excerpt":{"rendered":"<p>Le pack \u00ab 30 b\u00e2tonnets Evening \u00bb est vendu sp\u00e9cialement sur Mikatani.<\/p>\n","protected":false},"featured_media":1105,"comment_status":"open","ping_status":"closed","template":"","meta":[],"product_cat":[135],"product_tag":[],"yst_prominent_words":[],"_links":{"self":[{"href":"https:\/\/www.mikatani.com\/boutique\/wp-json\/wp\/v2\/product\/1107"}],"collection":[{"href":"https:\/\/www.mikatani.com\/boutique\/wp-json\/wp\/v2\/product"}],"about":[{"href":"https:\/\/www.mikatani.com\/boutique\/wp-json\/wp\/v2\/types\/product"}],"replies":[{"embeddable":true,"href":"https:\/\/www.mikatani.com\/boutique\/wp-json\/wp\/v2\/comments?post=1107"}],"version-history":[{"count":1,"href":"https:\/\/www.mikatani.com\/boutique\/wp-json\/wp\/v2\/product\/1107\/revisions"}],"predecessor-version":[{"id":3375,"href":"https:\/\/www.mikatani.com\/boutique\/wp-json\/wp\/v2\/product\/1107\/revisions\/3375"}],"wp:featuredmedia":[{"embeddable":true,"href":"https:\/\/www.mikatani.com\/boutique\/wp-json\/wp\/v2\/media\/1105"}],"wp:attachment":[{"href":"https:\/\/www.mikatani.com\/boutique\/wp-json\/wp\/v2\/media?parent=1107"}],"wp:term":[{"taxonomy":"product_cat","embeddable":true,"href":"https:\/\/www.mikatani.com\/boutique\/wp-json\/wp\/v2\/product_cat?post=1107"},{"taxonomy":"product_tag","embeddable":true,"href":"https:\/\/www.mikatani.com\/boutique\/wp-json\/wp\/v2\/product_tag?post=1107"},{"taxonomy":"yst_prominent_words","embeddable":true,"href":"https:\/\/www.mikatani.com\/boutique\/wp-json\/wp\/v2\/yst_prominent_words?post=1107"}],"curies":[{"name":"wp","href":"https:\/\/api.w.org\/{rel}","templated":true}]}}