{"id":1118,"date":"2017-07-02T12:04:17","date_gmt":"2017-07-02T10:04:17","guid":{"rendered":"https:\/\/www.mikatani.com\/boutique\/produit-japonais\/authentiques-encens-japonais-bambou-frais\/"},"modified":"2020-11-28T22:59:29","modified_gmt":"2020-11-28T21:59:29","slug":"authentiques-encens-japonais-bambou-frais","status":"publish","type":"product","link":"https:\/\/www.mikatani.com\/boutique\/produits-traditionnels\/encens\/authentiques-encens-japonais-bambou-frais","title":{"rendered":"50 encens japonais traditionnels Bambou"},"content":{"rendered":"<p>Ces b\u00e2tons d\u2019encens bios et naturels r\u00e9pandent le parfum du bambou frais pour calmer votre esprit pendant qu\u2019ils br\u00fblent. Son emballage\u00a0<a href=\"https:\/\/www.mikatani.com\/32-cadeau-japonais\">cadeau<\/a> est d\u00e9cor\u00e9 avec des images d&#8217;une for\u00eat luxuriante de bambou vert, de moineau ou de suzume\u00a0 symbolisant la bonne chance au Japon. Le paquet contient des b\u00e2tonnets d&#8217;encens de 50 x 15\u00a0 cm et br\u00fblent plus longtemps,\u00a0 25 \u00e0 30 minutes. Cadeau symbolique et raffin\u00e9, cet\u00a0<a href=\"https:\/\/www.mikatani.com\/36-encens\">encens japonais<\/a> bio allie un bon rapport qualit\u00e9 \u2013 prix.<\/p>\n<p>Taille: 16 x 4 cm<\/p>\n","protected":false},"excerpt":{"rendered":"<p>Comme le bambou est incontournable au paysage qu\u2019\u00e0 la culture japonaise, cet encens\u00a0 est\u00a0 vendu en exclusivit\u00e9 sur Mikatani.<\/p>\n","protected":false},"featured_media":1115,"comment_status":"open","ping_status":"closed","template":"","meta":[],"product_cat":[135],"product_tag":[],"yst_prominent_words":[],"_links":{"self":[{"href":"https:\/\/www.mikatani.com\/boutique\/wp-json\/wp\/v2\/product\/1118"}],"collection":[{"href":"https:\/\/www.mikatani.com\/boutique\/wp-json\/wp\/v2\/product"}],"about":[{"href":"https:\/\/www.mikatani.com\/boutique\/wp-json\/wp\/v2\/types\/product"}],"replies":[{"embeddable":true,"href":"https:\/\/www.mikatani.com\/boutique\/wp-json\/wp\/v2\/comments?post=1118"}],"version-history":[{"count":1,"href":"https:\/\/www.mikatani.com\/boutique\/wp-json\/wp\/v2\/product\/1118\/revisions"}],"predecessor-version":[{"id":3372,"href":"https:\/\/www.mikatani.com\/boutique\/wp-json\/wp\/v2\/product\/1118\/revisions\/3372"}],"wp:featuredmedia":[{"embeddable":true,"href":"https:\/\/www.mikatani.com\/boutique\/wp-json\/wp\/v2\/media\/1115"}],"wp:attachment":[{"href":"https:\/\/www.mikatani.com\/boutique\/wp-json\/wp\/v2\/media?parent=1118"}],"wp:term":[{"taxonomy":"product_cat","embeddable":true,"href":"https:\/\/www.mikatani.com\/boutique\/wp-json\/wp\/v2\/product_cat?post=1118"},{"taxonomy":"product_tag","embeddable":true,"href":"https:\/\/www.mikatani.com\/boutique\/wp-json\/wp\/v2\/product_tag?post=1118"},{"taxonomy":"yst_prominent_words","embeddable":true,"href":"https:\/\/www.mikatani.com\/boutique\/wp-json\/wp\/v2\/yst_prominent_words?post=1118"}],"curies":[{"name":"wp","href":"https:\/\/api.w.org\/{rel}","templated":true}]}}