{"id":1130,"date":"2017-07-02T16:26:37","date_gmt":"2017-07-02T14:26:37","guid":{"rendered":"https:\/\/www.mikatani.com\/boutique\/produit-japonais\/kimono-japonais-noir-long-yukata\/"},"modified":"2021-02-05T08:31:50","modified_gmt":"2021-02-05T07:31:50","slug":"kimono-japonais-noir-long-yukata","status":"publish","type":"product","link":"https:\/\/www.mikatani.com\/boutique\/kimono\/yukata\/kimono-japonais-noir-long-yukata","title":{"rendered":"Kimono japonais noir long Yukata"},"content":{"rendered":"<p>Les Geishas portant ce type de kimono lors de leurs repr\u00e9sentations, ce sont des artistes f\u00e9minins japonais traditionnels qui agissent comme h\u00f4tesses et dansent,\u00a0 jouent de la musique classique et font du th\u00e9\u00e2tre. Ces jolies\u00a0 kimono ou les yukata japonais sont confortables \u00e0 porter et constituent un\u00a0<a href=\"https:\/\/www.mikatani.com\/boutique\/cadeau-japonais\">cadeau japonais id\u00e9al<\/a> pour un \u00eatre cher. Achet\u00e9 pour soi m\u00eame, il repr\u00e9sente quelque chose de sp\u00e9cial.<\/p>\n<p>Le\u00a0Kimono japonais noir long Yukata\u00a0 a \u00e9t\u00e9 fabriqu\u00e9 au Japon et con\u00e7u dans le style japonais traditionnel avec des manches coup\u00e9es, est port\u00e9 de mani\u00e8re \u00e0 ce que le c\u00f4t\u00e9 gauche cache le c\u00f4t\u00e9 droit. Li\u00e9 \u00e0 l&#8217;avant ou \u00e0 l&#8217;arri\u00e8re en utilisant la ceinture ou l&#8217;obi qui est inclus.<\/p>\n<p>Longueur : 140 cm<\/p>\n<p>En savoir plus sur le <a href=\"https:\/\/www.mikatani.com\/boutique\/yukata-kimono\/\">Kimono Yukata<\/a>.<\/p>\n","protected":false},"excerpt":{"rendered":"<p>Le\u00a0Kimono japonais noir long Yukata est un magnifique\u00a0<a href=\"https:\/\/www.mikatani.com\/boutique\/kimono\">kimono japonais<\/a> authentique fabriqu\u00e9 en coton. V\u00eatement parfait pour se d\u00e9tendre \u00e0 la maison ou en vacances.<\/p>\n","protected":false},"featured_media":1128,"comment_status":"open","ping_status":"closed","template":"","meta":[],"product_cat":[171,183,146,147,186,150],"product_tag":[],"yst_prominent_words":[1444,416,388,414],"_links":{"self":[{"href":"https:\/\/www.mikatani.com\/boutique\/wp-json\/wp\/v2\/product\/1130"}],"collection":[{"href":"https:\/\/www.mikatani.com\/boutique\/wp-json\/wp\/v2\/product"}],"about":[{"href":"https:\/\/www.mikatani.com\/boutique\/wp-json\/wp\/v2\/types\/product"}],"replies":[{"embeddable":true,"href":"https:\/\/www.mikatani.com\/boutique\/wp-json\/wp\/v2\/comments?post=1130"}],"version-history":[{"count":2,"href":"https:\/\/www.mikatani.com\/boutique\/wp-json\/wp\/v2\/product\/1130\/revisions"}],"predecessor-version":[{"id":551409,"href":"https:\/\/www.mikatani.com\/boutique\/wp-json\/wp\/v2\/product\/1130\/revisions\/551409"}],"wp:featuredmedia":[{"embeddable":true,"href":"https:\/\/www.mikatani.com\/boutique\/wp-json\/wp\/v2\/media\/1128"}],"wp:attachment":[{"href":"https:\/\/www.mikatani.com\/boutique\/wp-json\/wp\/v2\/media?parent=1130"}],"wp:term":[{"taxonomy":"product_cat","embeddable":true,"href":"https:\/\/www.mikatani.com\/boutique\/wp-json\/wp\/v2\/product_cat?post=1130"},{"taxonomy":"product_tag","embeddable":true,"href":"https:\/\/www.mikatani.com\/boutique\/wp-json\/wp\/v2\/product_tag?post=1130"},{"taxonomy":"yst_prominent_words","embeddable":true,"href":"https:\/\/www.mikatani.com\/boutique\/wp-json\/wp\/v2\/yst_prominent_words?post=1130"}],"curies":[{"name":"wp","href":"https:\/\/api.w.org\/{rel}","templated":true}]}}