{"id":1192,"date":"2017-07-09T14:45:00","date_gmt":"2017-07-09T12:45:00","guid":{"rendered":"https:\/\/www.mikatani.com\/boutique\/produit-japonais\/kambara-estampe-sur-bois-japonaise\/"},"modified":"2020-09-22T21:05:50","modified_gmt":"2020-09-22T19:05:50","slug":"kambara-estampe-sur-bois-japonaise","status":"publish","type":"product","link":"https:\/\/www.mikatani.com\/boutique\/produits-traditionnels\/art-japonais\/estampes-japonaises-bois\/kambara-estampe-sur-bois-japonaise","title":{"rendered":"Kambara authentique estampe sur bois japonaise"},"content":{"rendered":"<p>Il a \u00e9t\u00e9 fabriqu\u00e9 \u00e0 l&#8217;aide des m\u00eames techniques d&#8217;impression japonaises traditionnelles que l&#8217;original, par le ma\u00eetre Utagawa Hiroshige qui est consid\u00e9r\u00e9 comme le dernier grand ma\u00eetre de l&#8217;impression japonaise en bois. Le\u00a0Kambara authentique estampe sur bois japonaise est une belle illustration qui serait un cadeau id\u00e9al pour ceux qui appr\u00e9cient l&#8217;art, la peinture, et tout ce qui concerne le\u00a0 travail d\u2019impression.<\/p>\n<p>Taille : Fourni \u00e0 plat et imprim\u00e9, 49 cm x 33 cm<\/p>\n","protected":false},"excerpt":{"rendered":"<p>Kambara authentique estampe sur bois japonaise\u00a0est une illustration authentique japonaise en bois qui pr\u00e9sente des couleurs de qualit\u00e9 vraiment impressionnantes.<\/p>\n","protected":false},"featured_media":1190,"comment_status":"open","ping_status":"closed","template":"","meta":[],"product_cat":[166,139,146,147],"product_tag":[],"yst_prominent_words":[966,475,1782,498,1783],"_links":{"self":[{"href":"https:\/\/www.mikatani.com\/boutique\/wp-json\/wp\/v2\/product\/1192"}],"collection":[{"href":"https:\/\/www.mikatani.com\/boutique\/wp-json\/wp\/v2\/product"}],"about":[{"href":"https:\/\/www.mikatani.com\/boutique\/wp-json\/wp\/v2\/types\/product"}],"replies":[{"embeddable":true,"href":"https:\/\/www.mikatani.com\/boutique\/wp-json\/wp\/v2\/comments?post=1192"}],"version-history":[{"count":2,"href":"https:\/\/www.mikatani.com\/boutique\/wp-json\/wp\/v2\/product\/1192\/revisions"}],"predecessor-version":[{"id":1246181,"href":"https:\/\/www.mikatani.com\/boutique\/wp-json\/wp\/v2\/product\/1192\/revisions\/1246181"}],"wp:featuredmedia":[{"embeddable":true,"href":"https:\/\/www.mikatani.com\/boutique\/wp-json\/wp\/v2\/media\/1190"}],"wp:attachment":[{"href":"https:\/\/www.mikatani.com\/boutique\/wp-json\/wp\/v2\/media?parent=1192"}],"wp:term":[{"taxonomy":"product_cat","embeddable":true,"href":"https:\/\/www.mikatani.com\/boutique\/wp-json\/wp\/v2\/product_cat?post=1192"},{"taxonomy":"product_tag","embeddable":true,"href":"https:\/\/www.mikatani.com\/boutique\/wp-json\/wp\/v2\/product_tag?post=1192"},{"taxonomy":"yst_prominent_words","embeddable":true,"href":"https:\/\/www.mikatani.com\/boutique\/wp-json\/wp\/v2\/yst_prominent_words?post=1192"}],"curies":[{"name":"wp","href":"https:\/\/api.w.org\/{rel}","templated":true}]}}