{"id":1206,"date":"2017-07-09T15:14:42","date_gmt":"2017-07-09T13:14:42","guid":{"rendered":"https:\/\/www.mikatani.com\/boutique\/produit-japonais\/boite-japonaise-xl-a-the-en-ecorce-de-cerisier\/"},"modified":"2024-08-02T14:51:45","modified_gmt":"2024-08-02T12:51:45","slug":"boite-japonaise-xl-a-the-en-ecorce-de-cerisier","status":"publish","type":"product","link":"https:\/\/www.mikatani.com\/boutique\/produits-traditionnels\/ustensiles-cuisine-vaisselle-japonaise\/ensemble-pour-the\/boite-japonaise-xl-a-the-en-ecorce-de-cerisier","title":{"rendered":"Grande bo\u00eete \u00e0 th\u00e9 artisanale japonaise en \u00e9corce de cerisier"},"content":{"rendered":"<p>Il dispose d&#8217;un couvercle interne assorti ainsi que d&#8217;un sous couvercle en bois v\u00e9ritable \u00e9corce de cerisier parfaitement ajust\u00e9 qui a \u00e9t\u00e9 con\u00e7u pour garder votre th\u00e9 frais et par cons\u00e9quent aussi savoureux que possible. Cette gamme unique est appel\u00e9e <strong>kabazaiku<\/strong> qui a prosp\u00e9r\u00e9 au Japon depuis plus de 230 ans en fournissant des produits \u00e9l\u00e9gants, de couleurs profondes, riches et solides. Nous recommandons la grande bo\u00eete \u00e0 th\u00e9 japonais aux gens qui appr\u00e9cient l\u2019excellence de la qualit\u00e9 artisanale japonaise. Veuillez noter que cette bo\u00eete de th\u00e9 japonais ne contient pas de th\u00e9.<\/p>\n<p>Taille : 8.5 cm (diam\u00e8tre) x 12.0 (haut) Capacit\u00e9: 130g<\/p>\n","protected":false},"excerpt":{"rendered":"<p>La grande bo\u00eete \u00e0 th\u00e9 japonais est un tr\u00e8s joli \u00e9crin japonais enti\u00e8rement fabriqu\u00e9 \u00e0 la main \u00e0 partir d&#8217;\u00e9corces de cerisiers sauvages.<\/p>\n","protected":false},"featured_media":1201,"comment_status":"open","ping_status":"closed","template":"","meta":[],"product_cat":[333,137,146,147],"product_tag":[],"yst_prominent_words":[1612,1617,416,1606,1778],"_links":{"self":[{"href":"https:\/\/www.mikatani.com\/boutique\/wp-json\/wp\/v2\/product\/1206"}],"collection":[{"href":"https:\/\/www.mikatani.com\/boutique\/wp-json\/wp\/v2\/product"}],"about":[{"href":"https:\/\/www.mikatani.com\/boutique\/wp-json\/wp\/v2\/types\/product"}],"replies":[{"embeddable":true,"href":"https:\/\/www.mikatani.com\/boutique\/wp-json\/wp\/v2\/comments?post=1206"}],"version-history":[{"count":3,"href":"https:\/\/www.mikatani.com\/boutique\/wp-json\/wp\/v2\/product\/1206\/revisions"}],"predecessor-version":[{"id":255140,"href":"https:\/\/www.mikatani.com\/boutique\/wp-json\/wp\/v2\/product\/1206\/revisions\/255140"}],"wp:featuredmedia":[{"embeddable":true,"href":"https:\/\/www.mikatani.com\/boutique\/wp-json\/wp\/v2\/media\/1201"}],"wp:attachment":[{"href":"https:\/\/www.mikatani.com\/boutique\/wp-json\/wp\/v2\/media?parent=1206"}],"wp:term":[{"taxonomy":"product_cat","embeddable":true,"href":"https:\/\/www.mikatani.com\/boutique\/wp-json\/wp\/v2\/product_cat?post=1206"},{"taxonomy":"product_tag","embeddable":true,"href":"https:\/\/www.mikatani.com\/boutique\/wp-json\/wp\/v2\/product_tag?post=1206"},{"taxonomy":"yst_prominent_words","embeddable":true,"href":"https:\/\/www.mikatani.com\/boutique\/wp-json\/wp\/v2\/yst_prominent_words?post=1206"}],"curies":[{"name":"wp","href":"https:\/\/api.w.org\/{rel}","templated":true}]}}