{"id":1263,"date":"2017-08-19T13:14:52","date_gmt":"2017-08-19T11:14:52","guid":{"rendered":"https:\/\/www.mikatani.com\/boutique\/produit-japonais\/art-japonais-maman-et-bebe\/"},"modified":"2020-11-03T21:17:21","modified_gmt":"2020-11-03T20:17:21","slug":"art-japonais-maman-et-bebe","status":"publish","type":"product","link":"https:\/\/www.mikatani.com\/boutique\/produits-traditionnels\/art-japonais\/art-japonais-maman-et-bebe","title":{"rendered":"Art Japonais Maman et b\u00e9b\u00e9"},"content":{"rendered":"<p>Retrouvez sur Mikatani cette impression \u00e9l\u00e9gante citent \u00ab\u00a0Maman et b\u00e9b\u00e9\u00a0\u00bb avec le personnage <em>kanji<\/em> japonais qui signifie \u00ab\u00a0<em>maman<\/em>\u00a0\u00bb ou \u00ab\u00a0<em>haha<\/em>\u00a0\u00bb!<\/p>\n<p>Saren combine avec habilit\u00e9 la calligraphie <em>kanji<\/em> japonaise classique et les couleurs vives inspir\u00e9es de la beaut\u00e9 des fleurs. Son art est garanti pour ajouter une touche de style japonais \u00e0 n&#8217;importe quelle pi\u00e8ce!<\/p>\n<p>Taille: A5 20.5 cm x 15.5 cm<\/p>\n","protected":false},"excerpt":{"rendered":"<p>Le caract\u00e8re \u00ab\u00a0<em>Maman et b\u00e9b\u00e9\u00a0<\/em>\u00bb est une belle gravure japonaise originale fait par l&#8217;artiste de calligraphie japonais tr\u00e8s respect\u00e9, Saren Nagata, pr\u00e9sent\u00e9 dans un cadre noir mat.<\/p>\n","protected":false},"featured_media":1261,"comment_status":"open","ping_status":"closed","template":"","meta":[],"product_cat":[139,146,149],"product_tag":[],"yst_prominent_words":[475,416,1722,1767],"_links":{"self":[{"href":"https:\/\/www.mikatani.com\/boutique\/wp-json\/wp\/v2\/product\/1263"}],"collection":[{"href":"https:\/\/www.mikatani.com\/boutique\/wp-json\/wp\/v2\/product"}],"about":[{"href":"https:\/\/www.mikatani.com\/boutique\/wp-json\/wp\/v2\/types\/product"}],"replies":[{"embeddable":true,"href":"https:\/\/www.mikatani.com\/boutique\/wp-json\/wp\/v2\/comments?post=1263"}],"version-history":[{"count":1,"href":"https:\/\/www.mikatani.com\/boutique\/wp-json\/wp\/v2\/product\/1263\/revisions"}],"predecessor-version":[{"id":1246179,"href":"https:\/\/www.mikatani.com\/boutique\/wp-json\/wp\/v2\/product\/1263\/revisions\/1246179"}],"wp:featuredmedia":[{"embeddable":true,"href":"https:\/\/www.mikatani.com\/boutique\/wp-json\/wp\/v2\/media\/1261"}],"wp:attachment":[{"href":"https:\/\/www.mikatani.com\/boutique\/wp-json\/wp\/v2\/media?parent=1263"}],"wp:term":[{"taxonomy":"product_cat","embeddable":true,"href":"https:\/\/www.mikatani.com\/boutique\/wp-json\/wp\/v2\/product_cat?post=1263"},{"taxonomy":"product_tag","embeddable":true,"href":"https:\/\/www.mikatani.com\/boutique\/wp-json\/wp\/v2\/product_tag?post=1263"},{"taxonomy":"yst_prominent_words","embeddable":true,"href":"https:\/\/www.mikatani.com\/boutique\/wp-json\/wp\/v2\/yst_prominent_words?post=1263"}],"curies":[{"name":"wp","href":"https:\/\/api.w.org\/{rel}","templated":true}]}}