{"id":1272,"date":"2017-08-19T15:46:35","date_gmt":"2017-08-19T13:46:35","guid":{"rendered":"https:\/\/www.mikatani.com\/boutique\/produit-japonais\/ensemble-cinq-bols-japonais-en-ceramique\/"},"modified":"2020-12-15T19:33:53","modified_gmt":"2020-12-15T18:33:53","slug":"ensemble-cinq-bols-japonais-en-ceramique","status":"publish","type":"product","link":"https:\/\/www.mikatani.com\/boutique\/produits-traditionnels\/ustensiles-cuisine-vaisselle-japonaise\/bols-japonais\/ensemble-cinq-bols-japonais-en-ceramique","title":{"rendered":"Ensemble bols japonais Osaka en c\u00e9ramique"},"content":{"rendered":"<p>Sur Mikatani, ces authentiques\u00a0<a href=\"https:\/\/www.mikatani.com\/40-bols-japonais\">bols japonais<\/a> sont tous l\u00e9g\u00e8rement diff\u00e9rents et sont id\u00e9aux pour toutes sortes de plats occidentaux et orientaux. Que vous soyez \u00e0 la recherche d&#8217;un cadeau pour un \u00eatre cher ou d&#8217;un r\u00e9gal pour vous-m\u00eame, le set de cadeaux japonais Bowl Osaka est parfait pour une restauration moderne, d\u00e9contract\u00e9 et \u00e9l\u00e9gante \u00e0 la maison moderne !<\/p>\n<p>Taille de la bo\u00eete: 36 x 24 x 6 cm\u00a0\u00a0\u00a0\u00a0 Taille du bol: 10.5 cm x 5 cm de haut<\/p>\n","protected":false},"excerpt":{"rendered":"<p>Parfait pour les cornichons, les sauces et les petits grignotages, cet ensemble de cadeau japonais contient cinq petits bols en c\u00e9ramique japonais tr\u00e8s styl\u00e9s, tous avec des designs classiques en bleu et blanc.<\/p>\n","protected":false},"featured_media":1267,"comment_status":"open","ping_status":"closed","template":"","meta":[],"product_cat":[169,146,147],"product_tag":[],"yst_prominent_words":[475,416,1764,484],"_links":{"self":[{"href":"https:\/\/www.mikatani.com\/boutique\/wp-json\/wp\/v2\/product\/1272"}],"collection":[{"href":"https:\/\/www.mikatani.com\/boutique\/wp-json\/wp\/v2\/product"}],"about":[{"href":"https:\/\/www.mikatani.com\/boutique\/wp-json\/wp\/v2\/types\/product"}],"replies":[{"embeddable":true,"href":"https:\/\/www.mikatani.com\/boutique\/wp-json\/wp\/v2\/comments?post=1272"}],"version-history":[{"count":1,"href":"https:\/\/www.mikatani.com\/boutique\/wp-json\/wp\/v2\/product\/1272\/revisions"}],"predecessor-version":[{"id":219803,"href":"https:\/\/www.mikatani.com\/boutique\/wp-json\/wp\/v2\/product\/1272\/revisions\/219803"}],"wp:featuredmedia":[{"embeddable":true,"href":"https:\/\/www.mikatani.com\/boutique\/wp-json\/wp\/v2\/media\/1267"}],"wp:attachment":[{"href":"https:\/\/www.mikatani.com\/boutique\/wp-json\/wp\/v2\/media?parent=1272"}],"wp:term":[{"taxonomy":"product_cat","embeddable":true,"href":"https:\/\/www.mikatani.com\/boutique\/wp-json\/wp\/v2\/product_cat?post=1272"},{"taxonomy":"product_tag","embeddable":true,"href":"https:\/\/www.mikatani.com\/boutique\/wp-json\/wp\/v2\/product_tag?post=1272"},{"taxonomy":"yst_prominent_words","embeddable":true,"href":"https:\/\/www.mikatani.com\/boutique\/wp-json\/wp\/v2\/yst_prominent_words?post=1272"}],"curies":[{"name":"wp","href":"https:\/\/api.w.org\/{rel}","templated":true}]}}