{"id":1309,"date":"2017-08-21T16:20:13","date_gmt":"2017-08-21T14:20:13","guid":{"rendered":"https:\/\/www.mikatani.com\/boutique\/japon\/accueil\/cadeau-japonais\/daruma-kokeshi-rouge-porte-bonheur"},"modified":"2020-12-03T10:07:29","modified_gmt":"2020-12-03T09:07:29","slug":"daruma-kokeshi-rouge-porte-bonheur","status":"publish","type":"product","link":"https:\/\/www.mikatani.com\/boutique\/produits-traditionnels\/kokeshi-poupee-japonaise\/daruma\/daruma-kokeshi-rouge-porte-bonheur","title":{"rendered":"Daruma Kokeshi rouge porte bonheur"},"content":{"rendered":"<p>Un cadeau de bonne chance japonais traditionnel, le Daruma est bas\u00e9 sur Bodhidharma, un moine bouddhiste c\u00e9l\u00e8bre pour son engagement durable \u00e0 la m\u00e9ditation. Veuillez noter que la poup\u00e9e Heroine Rouge <em>Daruma Kokeshi <\/em>n&#8217;est pas fournie avec une base d&#8217;affichage en bois. Achet\u00e9 s\u00e9par\u00e9ment, nous recommandons la petite taille.<\/p>\n<p>Taille: 5 cm<\/p>\n","protected":false},"excerpt":{"rendered":"<p>Il peut avoir l&#8217;air en col\u00e8re, mais la poup\u00e9e H\u00e9roine Rouge <em>Daruma <a href=\"https:\/\/www.mikatani.com\/12-kokeshi-poupee-japonaise\">Kokeshi<\/a><\/em> est en fait le symbol de la bonne fortune et de la pers\u00e9v\u00e9rance.<\/p>\n","protected":false},"featured_media":1306,"comment_status":"open","ping_status":"closed","template":"","meta":[],"product_cat":[160,132,146,147,149,152],"product_tag":[],"yst_prominent_words":[1728,484],"_links":{"self":[{"href":"https:\/\/www.mikatani.com\/boutique\/wp-json\/wp\/v2\/product\/1309"}],"collection":[{"href":"https:\/\/www.mikatani.com\/boutique\/wp-json\/wp\/v2\/product"}],"about":[{"href":"https:\/\/www.mikatani.com\/boutique\/wp-json\/wp\/v2\/types\/product"}],"replies":[{"embeddable":true,"href":"https:\/\/www.mikatani.com\/boutique\/wp-json\/wp\/v2\/comments?post=1309"}],"version-history":[{"count":1,"href":"https:\/\/www.mikatani.com\/boutique\/wp-json\/wp\/v2\/product\/1309\/revisions"}],"predecessor-version":[{"id":1246178,"href":"https:\/\/www.mikatani.com\/boutique\/wp-json\/wp\/v2\/product\/1309\/revisions\/1246178"}],"wp:featuredmedia":[{"embeddable":true,"href":"https:\/\/www.mikatani.com\/boutique\/wp-json\/wp\/v2\/media\/1306"}],"wp:attachment":[{"href":"https:\/\/www.mikatani.com\/boutique\/wp-json\/wp\/v2\/media?parent=1309"}],"wp:term":[{"taxonomy":"product_cat","embeddable":true,"href":"https:\/\/www.mikatani.com\/boutique\/wp-json\/wp\/v2\/product_cat?post=1309"},{"taxonomy":"product_tag","embeddable":true,"href":"https:\/\/www.mikatani.com\/boutique\/wp-json\/wp\/v2\/product_tag?post=1309"},{"taxonomy":"yst_prominent_words","embeddable":true,"href":"https:\/\/www.mikatani.com\/boutique\/wp-json\/wp\/v2\/yst_prominent_words?post=1309"}],"curies":[{"name":"wp","href":"https:\/\/api.w.org\/{rel}","templated":true}]}}