{"id":1410,"date":"2017-09-11T14:49:16","date_gmt":"2017-09-11T12:49:16","guid":{"rendered":"https:\/\/www.mikatani.com\/boutique\/japon\/accueil\/chaussettes-tabi-japonaises-blanches-en-stretch"},"modified":"2020-11-29T20:47:00","modified_gmt":"2020-11-29T19:47:00","slug":"chaussettes-tabi-japonaises-blanches-en-stretch","status":"publish","type":"product","link":"https:\/\/www.mikatani.com\/boutique\/mode-vetements\/chaussettes-japonaises\/chaussettes-tabi-japonaises-blanches-en-stretch","title":{"rendered":"Chaussettes Tabi japonaises blanches en stretch"},"content":{"rendered":"<p style=\"margin-bottom: .49cm;\" align=\"justify\"><span style=\"font-family: Calibri;\"><span style=\"font-size: small;\">Le tabi japonais est port\u00e9 par les hommes et les femmes et g\u00e9n\u00e9ralement dans des situations plus formelles telles que les c\u00e9r\u00e9monies de th\u00e9, les mariages ou les f\u00eates. Souvent avec des v\u00eatements japonais traditionnels, comme le kimono japonais, les chaussettes Tabi <span style=\"font-family: Calibri;\"><span style=\"font-size: small;\"><span style=\"font-family: Calibri;\"><span style=\"font-size: small;\">japonaises<\/span><\/span> blanches en stretch<\/span><\/span> sont faites en 100% en nylon et sont lavables en machine.<\/span><\/span><\/p>\n<p style=\"margin-bottom: .49cm;\" align=\"justify\"><span style=\"font-family: Calibri;\"><span style=\"font-size: small;\">La taille 39.5 peut convenir \u00e0 des pieds de taille 38 \u00e0 40 (la mati\u00e8re \u00e9tant \u00e9tirable)<\/span><\/span><\/p>\n<p style=\"margin-bottom: .49cm;\" align=\"justify\"><span style=\"font-family: Calibri;\"><span style=\"font-size: small;\">La taille 43 peut convenir \u00e0 des pieds de taille 41 \u00e0 44 (<span style=\"font-family: Calibri;\"><span style=\"font-size: small;\">la mati\u00e8re \u00e9tant \u00e9tirable)<\/span><\/span><\/span><\/span><\/p>\n","protected":false},"excerpt":{"rendered":"<p>E<span style=\"font-family: Calibri;\"><span style=\"font-size: small;\">xclusif pour Mikatani, les chaussettes Tabi <span style=\"font-family: Calibri;\"><span style=\"font-size: small;\"> japonaises<\/span><\/span> blanches en stretch sont des chaussettes traditionnelles qui arrivent \u00e0 la cheville avec une s\u00e9paration entre le gros orteil et les autres orteils.<\/span><\/span><\/p>\n","protected":false},"featured_media":1408,"comment_status":"open","ping_status":"closed","template":"","meta":[],"product_cat":[133,141,144,146,147,148],"product_tag":[],"yst_prominent_words":[1738,1727,421,1736,1739,416,790,1734,1724,970,1731,1245,484],"_links":{"self":[{"href":"https:\/\/www.mikatani.com\/boutique\/wp-json\/wp\/v2\/product\/1410"}],"collection":[{"href":"https:\/\/www.mikatani.com\/boutique\/wp-json\/wp\/v2\/product"}],"about":[{"href":"https:\/\/www.mikatani.com\/boutique\/wp-json\/wp\/v2\/types\/product"}],"replies":[{"embeddable":true,"href":"https:\/\/www.mikatani.com\/boutique\/wp-json\/wp\/v2\/comments?post=1410"}],"version-history":[{"count":0,"href":"https:\/\/www.mikatani.com\/boutique\/wp-json\/wp\/v2\/product\/1410\/revisions"}],"wp:featuredmedia":[{"embeddable":true,"href":"https:\/\/www.mikatani.com\/boutique\/wp-json\/wp\/v2\/media\/1408"}],"wp:attachment":[{"href":"https:\/\/www.mikatani.com\/boutique\/wp-json\/wp\/v2\/media?parent=1410"}],"wp:term":[{"taxonomy":"product_cat","embeddable":true,"href":"https:\/\/www.mikatani.com\/boutique\/wp-json\/wp\/v2\/product_cat?post=1410"},{"taxonomy":"product_tag","embeddable":true,"href":"https:\/\/www.mikatani.com\/boutique\/wp-json\/wp\/v2\/product_tag?post=1410"},{"taxonomy":"yst_prominent_words","embeddable":true,"href":"https:\/\/www.mikatani.com\/boutique\/wp-json\/wp\/v2\/yst_prominent_words?post=1410"}],"curies":[{"name":"wp","href":"https:\/\/api.w.org\/{rel}","templated":true}]}}