{"id":1539,"date":"2017-12-07T18:50:19","date_gmt":"2017-12-07T17:50:19","guid":{"rendered":"https:\/\/www.mikatani.com\/boutique\/japon\/mode-vetements\/kimono-yukata-noir-long-soie-grues-chrysanthemes"},"modified":"2025-03-17T18:12:27","modified_gmt":"2025-03-17T17:12:27","slug":"kimono-yukata-noir-long-soie-grues-chrysanthemes","status":"publish","type":"product","link":"https:\/\/www.mikatani.com\/boutique\/kimono\/kimono-en-soie\/kimono-yukata-noir-long-soie-grues-chrysanthemes","title":{"rendered":"Kimono japonais noir long en soie motifs grues et chrysanth\u00e8mes"},"content":{"rendered":"<p>Fabriqu\u00e9 \u00e0 Kyoto dans le style d&#8217;un kimono traditionnel japonais avec des manches enti\u00e8rement d\u00e9coup\u00e9es, qui peuvent \u00eatre utilis\u00e9es comme des poches, il est g\u00e9n\u00e9ralement port\u00e9 de la gauche sur la droite et l\u00e2chement attach\u00e9 \u00e0 l&#8217;aide de la ceinture correspondante ou obi fourni.<\/p>\n<p>Le Kimono yukata long en soie motifs grues et chrysanth\u00e8mes est une magnifique tenue japonaise et incroyablement douce au toucher, parfaite pour se d\u00e9tendre \u00e0 la maison ou en vacances ! Si vous cherchez un cadeau pour un \u00eatre cher ou un cadeau \u00e0 vous faire, ce luxueux kimono de soie japonais est ce qu&#8217;il vous faut !<\/p>\n<p>Taille: 140cm, id\u00e9al pour les femmes de plus de 163cm.<\/p>\n<h2>Kimono noir long en soie motifs grues et chrysanth\u00e8mes photos HD<\/h2>\n<p><a href=\"https:\/\/www.mikatani.com\/boutique\/wp-content\/uploads\/2017\/12\/kimono-soie-noir-long-2.jpg\"><img class=\"alignleft size-thumbnail wp-image-3054\" src=\"https:\/\/www.mikatani.com\/boutique\/wp-content\/uploads\/2017\/12\/kimono-soie-noir-long-2-150x150.jpg\" alt=\"\" width=\"150\" height=\"150\" srcset=\"https:\/\/www.mikatani.com\/boutique\/wp-content\/uploads\/2017\/12\/kimono-soie-noir-long-2-150x150.jpg 150w, https:\/\/www.mikatani.com\/boutique\/wp-content\/uploads\/2017\/12\/kimono-soie-noir-long-2-400x400.jpg 400w, https:\/\/www.mikatani.com\/boutique\/wp-content\/uploads\/2017\/12\/kimono-soie-noir-long-2-300x300.jpg 300w, https:\/\/www.mikatani.com\/boutique\/wp-content\/uploads\/2017\/12\/kimono-soie-noir-long-2-768x768.jpg 768w, https:\/\/www.mikatani.com\/boutique\/wp-content\/uploads\/2017\/12\/kimono-soie-noir-long-2-1024x1024.jpg 1024w, https:\/\/www.mikatani.com\/boutique\/wp-content\/uploads\/2017\/12\/kimono-soie-noir-long-2-320x320.jpg 320w, https:\/\/www.mikatani.com\/boutique\/wp-content\/uploads\/2017\/12\/kimono-soie-noir-long-2-640x640.jpg 640w, https:\/\/www.mikatani.com\/boutique\/wp-content\/uploads\/2017\/12\/kimono-soie-noir-long-2-360x360.jpg 360w, https:\/\/www.mikatani.com\/boutique\/wp-content\/uploads\/2017\/12\/kimono-soie-noir-long-2-720x720.jpg 720w, https:\/\/www.mikatani.com\/boutique\/wp-content\/uploads\/2017\/12\/kimono-soie-noir-long-2-1080x1080.jpg 1080w, https:\/\/www.mikatani.com\/boutique\/wp-content\/uploads\/2017\/12\/kimono-soie-noir-long-2-800x800.jpg 800w, https:\/\/www.mikatani.com\/boutique\/wp-content\/uploads\/2017\/12\/kimono-soie-noir-long-2-1140x1140.jpg 1140w, https:\/\/www.mikatani.com\/boutique\/wp-content\/uploads\/2017\/12\/kimono-soie-noir-long-2-75x75.jpg 75w, https:\/\/www.mikatani.com\/boutique\/wp-content\/uploads\/2017\/12\/kimono-soie-noir-long-2-100x100.jpg 100w, https:\/\/www.mikatani.com\/boutique\/wp-content\/uploads\/2017\/12\/kimono-soie-noir-long-2.jpg 1200w\" sizes=\"(max-width: 150px) 100vw, 150px\" \/><\/a> <a href=\"https:\/\/www.mikatani.com\/boutique\/wp-content\/uploads\/2017\/12\/kimono-soie-noir-long.jpg\"><img class=\"alignleft size-thumbnail wp-image-3055\" src=\"https:\/\/www.mikatani.com\/boutique\/wp-content\/uploads\/2017\/12\/kimono-soie-noir-long-150x150.jpg\" alt=\"kimono soie noir long\" width=\"150\" height=\"150\" srcset=\"https:\/\/www.mikatani.com\/boutique\/wp-content\/uploads\/2017\/12\/kimono-soie-noir-long-150x150.jpg 150w, https:\/\/www.mikatani.com\/boutique\/wp-content\/uploads\/2017\/12\/kimono-soie-noir-long-400x400.jpg 400w, https:\/\/www.mikatani.com\/boutique\/wp-content\/uploads\/2017\/12\/kimono-soie-noir-long-300x300.jpg 300w, https:\/\/www.mikatani.com\/boutique\/wp-content\/uploads\/2017\/12\/kimono-soie-noir-long-768x768.jpg 768w, https:\/\/www.mikatani.com\/boutique\/wp-content\/uploads\/2017\/12\/kimono-soie-noir-long-1024x1024.jpg 1024w, https:\/\/www.mikatani.com\/boutique\/wp-content\/uploads\/2017\/12\/kimono-soie-noir-long-320x320.jpg 320w, https:\/\/www.mikatani.com\/boutique\/wp-content\/uploads\/2017\/12\/kimono-soie-noir-long-640x640.jpg 640w, https:\/\/www.mikatani.com\/boutique\/wp-content\/uploads\/2017\/12\/kimono-soie-noir-long-360x360.jpg 360w, https:\/\/www.mikatani.com\/boutique\/wp-content\/uploads\/2017\/12\/kimono-soie-noir-long-720x720.jpg 720w, https:\/\/www.mikatani.com\/boutique\/wp-content\/uploads\/2017\/12\/kimono-soie-noir-long-1080x1080.jpg 1080w, https:\/\/www.mikatani.com\/boutique\/wp-content\/uploads\/2017\/12\/kimono-soie-noir-long-800x800.jpg 800w, https:\/\/www.mikatani.com\/boutique\/wp-content\/uploads\/2017\/12\/kimono-soie-noir-long-1140x1140.jpg 1140w, https:\/\/www.mikatani.com\/boutique\/wp-content\/uploads\/2017\/12\/kimono-soie-noir-long-75x75.jpg 75w, https:\/\/www.mikatani.com\/boutique\/wp-content\/uploads\/2017\/12\/kimono-soie-noir-long-100x100.jpg 100w, https:\/\/www.mikatani.com\/boutique\/wp-content\/uploads\/2017\/12\/kimono-soie-noir-long.jpg 1200w\" sizes=\"(max-width: 150px) 100vw, 150px\" \/><\/a><a href=\"https:\/\/www.mikatani.com\/boutique\/wp-content\/uploads\/2017\/12\/kimono-soie-noir-long-chrysantheme.jpg\"><img class=\"alignleft size-thumbnail wp-image-3053\" src=\"https:\/\/www.mikatani.com\/boutique\/wp-content\/uploads\/2017\/12\/kimono-soie-noir-long-chrysantheme-150x150.jpg\" alt=\"\" width=\"150\" height=\"150\" srcset=\"https:\/\/www.mikatani.com\/boutique\/wp-content\/uploads\/2017\/12\/kimono-soie-noir-long-chrysantheme-150x150.jpg 150w, https:\/\/www.mikatani.com\/boutique\/wp-content\/uploads\/2017\/12\/kimono-soie-noir-long-chrysantheme-400x400.jpg 400w, https:\/\/www.mikatani.com\/boutique\/wp-content\/uploads\/2017\/12\/kimono-soie-noir-long-chrysantheme-300x300.jpg 300w, https:\/\/www.mikatani.com\/boutique\/wp-content\/uploads\/2017\/12\/kimono-soie-noir-long-chrysantheme-768x768.jpg 768w, https:\/\/www.mikatani.com\/boutique\/wp-content\/uploads\/2017\/12\/kimono-soie-noir-long-chrysantheme-1024x1024.jpg 1024w, https:\/\/www.mikatani.com\/boutique\/wp-content\/uploads\/2017\/12\/kimono-soie-noir-long-chrysantheme-320x320.jpg 320w, https:\/\/www.mikatani.com\/boutique\/wp-content\/uploads\/2017\/12\/kimono-soie-noir-long-chrysantheme-640x640.jpg 640w, https:\/\/www.mikatani.com\/boutique\/wp-content\/uploads\/2017\/12\/kimono-soie-noir-long-chrysantheme-360x360.jpg 360w, https:\/\/www.mikatani.com\/boutique\/wp-content\/uploads\/2017\/12\/kimono-soie-noir-long-chrysantheme-720x720.jpg 720w, https:\/\/www.mikatani.com\/boutique\/wp-content\/uploads\/2017\/12\/kimono-soie-noir-long-chrysantheme-1080x1080.jpg 1080w, https:\/\/www.mikatani.com\/boutique\/wp-content\/uploads\/2017\/12\/kimono-soie-noir-long-chrysantheme-800x800.jpg 800w, https:\/\/www.mikatani.com\/boutique\/wp-content\/uploads\/2017\/12\/kimono-soie-noir-long-chrysantheme-1140x1140.jpg 1140w, https:\/\/www.mikatani.com\/boutique\/wp-content\/uploads\/2017\/12\/kimono-soie-noir-long-chrysantheme-75x75.jpg 75w, https:\/\/www.mikatani.com\/boutique\/wp-content\/uploads\/2017\/12\/kimono-soie-noir-long-chrysantheme-100x100.jpg 100w, https:\/\/www.mikatani.com\/boutique\/wp-content\/uploads\/2017\/12\/kimono-soie-noir-long-chrysantheme.jpg 1200w\" sizes=\"(max-width: 150px) 100vw, 150px\" \/><\/a> <a href=\"https:\/\/www.mikatani.com\/boutique\/wp-content\/uploads\/2017\/12\/kimono-soie-noir-long-chrysantheme-3.jpg\"><img class=\"alignleft size-thumbnail wp-image-3050\" src=\"https:\/\/www.mikatani.com\/boutique\/wp-content\/uploads\/2017\/12\/kimono-soie-noir-long-chrysantheme-3-150x150.jpg\" alt=\"\" width=\"150\" height=\"150\" srcset=\"https:\/\/www.mikatani.com\/boutique\/wp-content\/uploads\/2017\/12\/kimono-soie-noir-long-chrysantheme-3-150x150.jpg 150w, https:\/\/www.mikatani.com\/boutique\/wp-content\/uploads\/2017\/12\/kimono-soie-noir-long-chrysantheme-3-400x400.jpg 400w, https:\/\/www.mikatani.com\/boutique\/wp-content\/uploads\/2017\/12\/kimono-soie-noir-long-chrysantheme-3-300x300.jpg 300w, https:\/\/www.mikatani.com\/boutique\/wp-content\/uploads\/2017\/12\/kimono-soie-noir-long-chrysantheme-3-768x768.jpg 768w, https:\/\/www.mikatani.com\/boutique\/wp-content\/uploads\/2017\/12\/kimono-soie-noir-long-chrysantheme-3-1024x1024.jpg 1024w, https:\/\/www.mikatani.com\/boutique\/wp-content\/uploads\/2017\/12\/kimono-soie-noir-long-chrysantheme-3-320x320.jpg 320w, https:\/\/www.mikatani.com\/boutique\/wp-content\/uploads\/2017\/12\/kimono-soie-noir-long-chrysantheme-3-640x640.jpg 640w, https:\/\/www.mikatani.com\/boutique\/wp-content\/uploads\/2017\/12\/kimono-soie-noir-long-chrysantheme-3-360x360.jpg 360w, https:\/\/www.mikatani.com\/boutique\/wp-content\/uploads\/2017\/12\/kimono-soie-noir-long-chrysantheme-3-720x720.jpg 720w, https:\/\/www.mikatani.com\/boutique\/wp-content\/uploads\/2017\/12\/kimono-soie-noir-long-chrysantheme-3-1080x1080.jpg 1080w, https:\/\/www.mikatani.com\/boutique\/wp-content\/uploads\/2017\/12\/kimono-soie-noir-long-chrysantheme-3-800x800.jpg 800w, https:\/\/www.mikatani.com\/boutique\/wp-content\/uploads\/2017\/12\/kimono-soie-noir-long-chrysantheme-3-1140x1140.jpg 1140w, https:\/\/www.mikatani.com\/boutique\/wp-content\/uploads\/2017\/12\/kimono-soie-noir-long-chrysantheme-3-75x75.jpg 75w, https:\/\/www.mikatani.com\/boutique\/wp-content\/uploads\/2017\/12\/kimono-soie-noir-long-chrysantheme-3-100x100.jpg 100w, https:\/\/www.mikatani.com\/boutique\/wp-content\/uploads\/2017\/12\/kimono-soie-noir-long-chrysantheme-3.jpg 1200w\" sizes=\"(max-width: 150px) 100vw, 150px\" \/><\/a> <a href=\"https:\/\/www.mikatani.com\/boutique\/wp-content\/uploads\/2017\/12\/kimono-soie-noir-long-grues.jpg\"><img class=\"alignleft size-thumbnail wp-image-3051\" src=\"https:\/\/www.mikatani.com\/boutique\/wp-content\/uploads\/2017\/12\/kimono-soie-noir-long-grues-150x150.jpg\" alt=\"\" width=\"150\" height=\"150\" srcset=\"https:\/\/www.mikatani.com\/boutique\/wp-content\/uploads\/2017\/12\/kimono-soie-noir-long-grues-150x150.jpg 150w, https:\/\/www.mikatani.com\/boutique\/wp-content\/uploads\/2017\/12\/kimono-soie-noir-long-grues-400x400.jpg 400w, https:\/\/www.mikatani.com\/boutique\/wp-content\/uploads\/2017\/12\/kimono-soie-noir-long-grues-300x300.jpg 300w, https:\/\/www.mikatani.com\/boutique\/wp-content\/uploads\/2017\/12\/kimono-soie-noir-long-grues-768x768.jpg 768w, https:\/\/www.mikatani.com\/boutique\/wp-content\/uploads\/2017\/12\/kimono-soie-noir-long-grues-1024x1024.jpg 1024w, https:\/\/www.mikatani.com\/boutique\/wp-content\/uploads\/2017\/12\/kimono-soie-noir-long-grues-320x320.jpg 320w, https:\/\/www.mikatani.com\/boutique\/wp-content\/uploads\/2017\/12\/kimono-soie-noir-long-grues-640x640.jpg 640w, https:\/\/www.mikatani.com\/boutique\/wp-content\/uploads\/2017\/12\/kimono-soie-noir-long-grues-360x360.jpg 360w, https:\/\/www.mikatani.com\/boutique\/wp-content\/uploads\/2017\/12\/kimono-soie-noir-long-grues-720x720.jpg 720w, https:\/\/www.mikatani.com\/boutique\/wp-content\/uploads\/2017\/12\/kimono-soie-noir-long-grues-1080x1080.jpg 1080w, https:\/\/www.mikatani.com\/boutique\/wp-content\/uploads\/2017\/12\/kimono-soie-noir-long-grues-800x800.jpg 800w, https:\/\/www.mikatani.com\/boutique\/wp-content\/uploads\/2017\/12\/kimono-soie-noir-long-grues-1140x1140.jpg 1140w, https:\/\/www.mikatani.com\/boutique\/wp-content\/uploads\/2017\/12\/kimono-soie-noir-long-grues-75x75.jpg 75w, https:\/\/www.mikatani.com\/boutique\/wp-content\/uploads\/2017\/12\/kimono-soie-noir-long-grues-100x100.jpg 100w, https:\/\/www.mikatani.com\/boutique\/wp-content\/uploads\/2017\/12\/kimono-soie-noir-long-grues.jpg 1200w\" sizes=\"(max-width: 150px) 100vw, 150px\" \/><\/a> <a href=\"https:\/\/www.mikatani.com\/boutique\/wp-content\/uploads\/2017\/12\/kimono-soie-noir-long-chrysantheme-2.jpg\"><img class=\"alignleft size-thumbnail wp-image-3052\" src=\"https:\/\/www.mikatani.com\/boutique\/wp-content\/uploads\/2017\/12\/kimono-soie-noir-long-chrysantheme-2-150x150.jpg\" alt=\"\" width=\"150\" height=\"150\" srcset=\"https:\/\/www.mikatani.com\/boutique\/wp-content\/uploads\/2017\/12\/kimono-soie-noir-long-chrysantheme-2-150x150.jpg 150w, https:\/\/www.mikatani.com\/boutique\/wp-content\/uploads\/2017\/12\/kimono-soie-noir-long-chrysantheme-2-400x400.jpg 400w, https:\/\/www.mikatani.com\/boutique\/wp-content\/uploads\/2017\/12\/kimono-soie-noir-long-chrysantheme-2-300x300.jpg 300w, https:\/\/www.mikatani.com\/boutique\/wp-content\/uploads\/2017\/12\/kimono-soie-noir-long-chrysantheme-2-768x768.jpg 768w, https:\/\/www.mikatani.com\/boutique\/wp-content\/uploads\/2017\/12\/kimono-soie-noir-long-chrysantheme-2-1024x1024.jpg 1024w, https:\/\/www.mikatani.com\/boutique\/wp-content\/uploads\/2017\/12\/kimono-soie-noir-long-chrysantheme-2-320x320.jpg 320w, https:\/\/www.mikatani.com\/boutique\/wp-content\/uploads\/2017\/12\/kimono-soie-noir-long-chrysantheme-2-640x640.jpg 640w, https:\/\/www.mikatani.com\/boutique\/wp-content\/uploads\/2017\/12\/kimono-soie-noir-long-chrysantheme-2-360x360.jpg 360w, https:\/\/www.mikatani.com\/boutique\/wp-content\/uploads\/2017\/12\/kimono-soie-noir-long-chrysantheme-2-720x720.jpg 720w, https:\/\/www.mikatani.com\/boutique\/wp-content\/uploads\/2017\/12\/kimono-soie-noir-long-chrysantheme-2-1080x1080.jpg 1080w, https:\/\/www.mikatani.com\/boutique\/wp-content\/uploads\/2017\/12\/kimono-soie-noir-long-chrysantheme-2-800x800.jpg 800w, https:\/\/www.mikatani.com\/boutique\/wp-content\/uploads\/2017\/12\/kimono-soie-noir-long-chrysantheme-2-1140x1140.jpg 1140w, https:\/\/www.mikatani.com\/boutique\/wp-content\/uploads\/2017\/12\/kimono-soie-noir-long-chrysantheme-2-75x75.jpg 75w, https:\/\/www.mikatani.com\/boutique\/wp-content\/uploads\/2017\/12\/kimono-soie-noir-long-chrysantheme-2-100x100.jpg 100w, https:\/\/www.mikatani.com\/boutique\/wp-content\/uploads\/2017\/12\/kimono-soie-noir-long-chrysantheme-2.jpg 1200w\" sizes=\"(max-width: 150px) 100vw, 150px\" \/><\/a><\/p>\n","protected":false},"excerpt":{"rendered":"<p>Le Kimono yukata noir long en soie motifs grues et chrysanth\u00e8mes est un kimono japonais (ou yukata ) authentique, en soie pure noire, tr\u00e8s \u00e9l\u00e9gant et d&#8217;une belle longueur avec un imprim\u00e9 floral blanc, or et mauve.<\/p>\n","protected":false},"featured_media":1536,"comment_status":"open","ping_status":"closed","template":"","meta":[],"product_cat":[365,171,176,146,147,150],"product_tag":[],"yst_prominent_words":[1585,1706,488,1692,416,388,417,1700,1687,481,1697,1691,1683],"_links":{"self":[{"href":"https:\/\/www.mikatani.com\/boutique\/wp-json\/wp\/v2\/product\/1539"}],"collection":[{"href":"https:\/\/www.mikatani.com\/boutique\/wp-json\/wp\/v2\/product"}],"about":[{"href":"https:\/\/www.mikatani.com\/boutique\/wp-json\/wp\/v2\/types\/product"}],"replies":[{"embeddable":true,"href":"https:\/\/www.mikatani.com\/boutique\/wp-json\/wp\/v2\/comments?post=1539"}],"version-history":[{"count":2,"href":"https:\/\/www.mikatani.com\/boutique\/wp-json\/wp\/v2\/product\/1539\/revisions"}],"predecessor-version":[{"id":1246218,"href":"https:\/\/www.mikatani.com\/boutique\/wp-json\/wp\/v2\/product\/1539\/revisions\/1246218"}],"wp:featuredmedia":[{"embeddable":true,"href":"https:\/\/www.mikatani.com\/boutique\/wp-json\/wp\/v2\/media\/1536"}],"wp:attachment":[{"href":"https:\/\/www.mikatani.com\/boutique\/wp-json\/wp\/v2\/media?parent=1539"}],"wp:term":[{"taxonomy":"product_cat","embeddable":true,"href":"https:\/\/www.mikatani.com\/boutique\/wp-json\/wp\/v2\/product_cat?post=1539"},{"taxonomy":"product_tag","embeddable":true,"href":"https:\/\/www.mikatani.com\/boutique\/wp-json\/wp\/v2\/product_tag?post=1539"},{"taxonomy":"yst_prominent_words","embeddable":true,"href":"https:\/\/www.mikatani.com\/boutique\/wp-json\/wp\/v2\/yst_prominent_words?post=1539"}],"curies":[{"name":"wp","href":"https:\/\/api.w.org\/{rel}","templated":true}]}}