{"id":1549,"date":"2017-12-07T19:59:43","date_gmt":"2017-12-07T18:59:43","guid":{"rendered":"https:\/\/www.mikatani.com\/boutique\/japon\/mode-vetements\/kimono-japonais-long-rouge-soie-ukiyoe"},"modified":"2022-12-05T11:45:39","modified_gmt":"2022-12-05T10:45:39","slug":"kimono-japonais-long-rouge-soie-ukiyoe","status":"publish","type":"product","link":"https:\/\/www.mikatani.com\/boutique\/kimono\/kimono-en-soie\/kimono-japonais-long-rouge-soie-ukiyoe","title":{"rendered":"Kimono Japonais long rouge en soie motifs Ukiyoe"},"content":{"rendered":"<p>Fabriqu\u00e9 \u00e0 Kyoto dans le m\u00eame style qu&#8217;un kimono japonais traditionnel avec des manches enti\u00e8rement d\u00e9coup\u00e9es (peut \u00eatre utilis\u00e9 comme des poches), il est g\u00e9n\u00e9ralement port\u00e9 de la gauche sur la droite et attach\u00e9 avec la ceinture ou l&#8217; obi correspondant fourni.<\/p>\n<p>Parfait pour se d\u00e9tendre \u00e0 la maison ou en vacances, le Kimono Japonais long rouge en soie motifs Ukiyoe est incroyablement doux au toucher et une tenue japonaise traditionnelle de qualit\u00e9 ! Si vous cherchez un cadeau sp\u00e9cial pour un \u00eatre cher ou un cadeau \u00e0 vous offrir, ce luxueux kimono de soie japonais est id\u00e9al !<\/p>\n<p>Taille : 140cm de long, id\u00e9al pour les femmes de plus de 163cm de hauteur.<\/p>\n","protected":false},"excerpt":{"rendered":"<p>Le kimono Japonais long rouge en soie motifs Ukiyoe est un superbe kimono japonais (ou yukata ) de couleur rouge vif, de couleur pure, avec un imprim\u00e9 floral blanc et or.<\/p>\n<h2 style=\"text-align: center;\"><span style=\"color: #fbbf28;\"><span style=\"color: #000000;\"><strong><span style=\"color: #d0121a;\">Achetez l&#8217;\u00e9quivalent de ce produit<\/span><\/strong><\/span><\/span><\/h2>\n<h2 style=\"text-align: center;\"><span style=\"color: #fbbf28;\"><span style=\"color: #000000;\"><span style=\"color: #fbbf28;\">\u25bc <\/span><strong><span style=\"color: #d0121a;\">ici<\/span><\/strong><\/span> <span style=\"color: #fbcd28;\">\u25bc<\/span><\/span><\/h2>\n<p style=\"text-align: center;\"><a style=\"text-align: center;\" href=\"https:\/\/www.amazon.fr\/prettystern-Femmes-Longueur-Plancher-Poisson\/dp\/B089LWRYKC?__mk_fr_FR=%C3%85M%C3%85%C5%BD%C3%95%C3%91&amp;crid=YVK202U08IUZ&amp;keywords=kimono%2Bfemme%2Bsoie%2Brouge&amp;qid=1670236174&amp;refinements=p_72%3A437873031%2Cp_n_material_browse%3A2434157031%2Cp_36%3A10000-30000&amp;rnid=2492331031&amp;s=apparel&amp;sprefix=kimono%2Bfemme%2Bsoie%2Brouge%2Caps%2C131&amp;sr=1-2&amp;th=1&amp;psc=1&amp;linkCode=li3&amp;tag=mikatani-21&amp;linkId=ee2469fb32ad7dd9d9b2d0f3026af384&amp;language=fr_FR&amp;ref_=as_li_ss_il\" target=\"_blank\" rel=\"sponsored noopener\"><img style=\"text-align: center;\" src=\"\/\/ws-eu.amazon-adsystem.com\/widgets\/q?_encoding=UTF8&amp;ASIN=B089LWRYKC&amp;Format=_SL250_&amp;ID=AsinImage&amp;MarketPlace=FR&amp;ServiceVersion=20070822&amp;WS=1&amp;tag=mikatani-21&amp;language=fr_FR\" border=\"0\" \/><\/a><img style=\"border: none !important; margin: 0px !important;\" src=\"https:\/\/ir-fr.amazon-adsystem.com\/e\/ir?t=mikatani-21&amp;language=fr_FR&amp;l=li3&amp;o=8&amp;a=B089LWRYKC\" alt=\"\" width=\"1\" height=\"1\" border=\"0\" \/><\/p>\n","protected":false},"featured_media":1544,"comment_status":"open","ping_status":"closed","template":"","meta":[],"product_cat":[171,176,150],"product_tag":[],"yst_prominent_words":[1585,1613,416,388,480,481],"_links":{"self":[{"href":"https:\/\/www.mikatani.com\/boutique\/wp-json\/wp\/v2\/product\/1549"}],"collection":[{"href":"https:\/\/www.mikatani.com\/boutique\/wp-json\/wp\/v2\/product"}],"about":[{"href":"https:\/\/www.mikatani.com\/boutique\/wp-json\/wp\/v2\/types\/product"}],"replies":[{"embeddable":true,"href":"https:\/\/www.mikatani.com\/boutique\/wp-json\/wp\/v2\/comments?post=1549"}],"version-history":[{"count":7,"href":"https:\/\/www.mikatani.com\/boutique\/wp-json\/wp\/v2\/product\/1549\/revisions"}],"predecessor-version":[{"id":1246683,"href":"https:\/\/www.mikatani.com\/boutique\/wp-json\/wp\/v2\/product\/1549\/revisions\/1246683"}],"wp:featuredmedia":[{"embeddable":true,"href":"https:\/\/www.mikatani.com\/boutique\/wp-json\/wp\/v2\/media\/1544"}],"wp:attachment":[{"href":"https:\/\/www.mikatani.com\/boutique\/wp-json\/wp\/v2\/media?parent=1549"}],"wp:term":[{"taxonomy":"product_cat","embeddable":true,"href":"https:\/\/www.mikatani.com\/boutique\/wp-json\/wp\/v2\/product_cat?post=1549"},{"taxonomy":"product_tag","embeddable":true,"href":"https:\/\/www.mikatani.com\/boutique\/wp-json\/wp\/v2\/product_tag?post=1549"},{"taxonomy":"yst_prominent_words","embeddable":true,"href":"https:\/\/www.mikatani.com\/boutique\/wp-json\/wp\/v2\/yst_prominent_words?post=1549"}],"curies":[{"name":"wp","href":"https:\/\/api.w.org\/{rel}","templated":true}]}}