{"id":1563,"date":"2018-02-18T00:14:20","date_gmt":"2018-02-17T23:14:20","guid":{"rendered":"https:\/\/www.mikatani.com\/boutique\/japon\/cadeau-japonais\/kimono-japonais-soie-noire-court-fleurs"},"modified":"2022-12-05T11:59:59","modified_gmt":"2022-12-05T10:59:59","slug":"kimono-japonais-soie-noire-court-fleurs","status":"publish","type":"product","link":"https:\/\/www.mikatani.com\/boutique\/kimono\/kimono-court\/kimono-japonais-soie-noire-court-fleurs","title":{"rendered":"Kimono japonais en soie noire court avec motifs grues et fleurs roses"},"content":{"rendered":"<p>Fabriqu\u00e9 \u00e0 Kyoto \u00e0 partir d&#8217;une soie somptueuse et douce, avec des manches droites, ce joli kimono japonais (ou yukata ) est \u00e9l\u00e9gant, soyeux et est parfait pour les matins paresseux du dimanche pass\u00e9s \u00e0 se d\u00e9tendre \u00e0 la maison ou en vacances. Le kimono noir imprim\u00e9 noir en soie est port\u00e9 en l&#8217;enroulant de gauche \u00e0 droite et se ferme facilement \u00e0 l&#8217;aide de la ceinture ou de l&#8217; obi assorti. Que vous soyez \u00e0 la recherche d&#8217;un cadeau sp\u00e9cial pour un \u00eatre cher ou d&#8217;un petit plaisir \u00e0 vous faire, ce v\u00e9ritable kimono japonais, exclusif \u00e0 Mikatani, fera son effet !<\/p>\n<p>Taille : Longueur au genou, 107cm. Id\u00e9al pour les femmes de toute taille.<\/p>\n","protected":false},"excerpt":{"rendered":"<p>Superbe Kimono japonais noir en soie imprim\u00e9e, un kimono noir authentique en soie noire avec un magnifique oiseau grue blanche et un imprim\u00e9 floral rose.<\/p>\n<h2 style=\"text-align: center;\"><span style=\"color: #fbbf28;\"><span style=\"color: #000000;\"><strong><span style=\"color: #d0121a;\">Achetez l&#8217;\u00e9quivalent de ce produit<\/span><\/strong><\/span><\/span><\/h2>\n<h2 style=\"text-align: center;\"><\/h2>\n<h2 style=\"text-align: center;\"><span style=\"color: #fbbf28;\"><span style=\"color: #000000;\"><span style=\"color: #fbbf28;\">\u25bc <\/span><strong><span style=\"color: #d0121a;\">ici<\/span><\/strong><\/span> <span style=\"color: #fbcd28;\">\u25bc<\/span><\/span><\/h2>\n<\/p>\n<p style=\"text-align: center;\"><a rel=\"sponsored noopener\" href=\"https:\/\/www.amazon.fr\/prettystern-Femmes-Kimono-Chambre-Imprime\/dp\/B089CH68PS?__mk_fr_FR=%C3%85M%C3%85%C5%BD%C3%95%C3%91&#038;crid=1Y95IZ2YK764J&#038;keywords=kimono+femme+soie+noir&#038;qid=1670237823&#038;refinements=p_72%3A437873031%2Cp_36%3A10000-30000%2Cp_n_material_browse%3A2434157031&#038;rnid=2434142031&#038;s=apparel&#038;sprefix=kimono+femme+soie+noir%2Caps%2C162&#038;sr=1-4&#038;linkCode=li3&#038;tag=mikatani-21&#038;linkId=30bb82a2aa847ec831b0658ded02f5f8&#038;language=fr_FR&#038;ref_=as_li_ss_il\" target=\"_blank\"><img border=\"0\" src=\"\/\/ws-eu.amazon-adsystem.com\/widgets\/q?_encoding=UTF8&#038;ASIN=B089CH68PS&#038;Format=_SL250_&#038;ID=AsinImage&#038;MarketPlace=FR&#038;ServiceVersion=20070822&#038;WS=1&#038;tag=mikatani-21&#038;language=fr_FR\" ><\/a><img src=\"https:\/\/ir-fr.amazon-adsystem.com\/e\/ir?t=mikatani-21&#038;language=fr_FR&#038;l=li3&#038;o=8&#038;a=B089CH68PS\" width=\"1\" height=\"1\" border=\"0\" alt=\"\" style=\"border:none !important; margin:0px !important;\" \/><\/p>\n","protected":false},"featured_media":1560,"comment_status":"open","ping_status":"closed","template":"","meta":[],"product_cat":[365,171,176,180,146,147,150],"product_tag":[],"yst_prominent_words":[416,388,480,481,484],"_links":{"self":[{"href":"https:\/\/www.mikatani.com\/boutique\/wp-json\/wp\/v2\/product\/1563"}],"collection":[{"href":"https:\/\/www.mikatani.com\/boutique\/wp-json\/wp\/v2\/product"}],"about":[{"href":"https:\/\/www.mikatani.com\/boutique\/wp-json\/wp\/v2\/types\/product"}],"replies":[{"embeddable":true,"href":"https:\/\/www.mikatani.com\/boutique\/wp-json\/wp\/v2\/comments?post=1563"}],"version-history":[{"count":2,"href":"https:\/\/www.mikatani.com\/boutique\/wp-json\/wp\/v2\/product\/1563\/revisions"}],"predecessor-version":[{"id":1246687,"href":"https:\/\/www.mikatani.com\/boutique\/wp-json\/wp\/v2\/product\/1563\/revisions\/1246687"}],"wp:featuredmedia":[{"embeddable":true,"href":"https:\/\/www.mikatani.com\/boutique\/wp-json\/wp\/v2\/media\/1560"}],"wp:attachment":[{"href":"https:\/\/www.mikatani.com\/boutique\/wp-json\/wp\/v2\/media?parent=1563"}],"wp:term":[{"taxonomy":"product_cat","embeddable":true,"href":"https:\/\/www.mikatani.com\/boutique\/wp-json\/wp\/v2\/product_cat?post=1563"},{"taxonomy":"product_tag","embeddable":true,"href":"https:\/\/www.mikatani.com\/boutique\/wp-json\/wp\/v2\/product_tag?post=1563"},{"taxonomy":"yst_prominent_words","embeddable":true,"href":"https:\/\/www.mikatani.com\/boutique\/wp-json\/wp\/v2\/yst_prominent_words?post=1563"}],"curies":[{"name":"wp","href":"https:\/\/api.w.org\/{rel}","templated":true}]}}