{"id":1583,"date":"2018-05-22T11:18:16","date_gmt":"2018-05-22T09:18:16","guid":{"rendered":"https:\/\/www.mikatani.com\/boutique\/japon\/mode-vetements\/bijoux-kawaii\/elastique-japonais-cheveux-fleur-cerisier"},"modified":"2020-09-22T20:21:27","modified_gmt":"2020-09-22T18:21:27","slug":"elastique-japonais-cheveux-fleur-cerisier","status":"publish","type":"product","link":"https:\/\/www.mikatani.com\/boutique\/mode-vetements\/bijoux-kawaii\/accessoires-cheveux\/elastique-japonais-cheveux-fleur-cerisier","title":{"rendered":"Elastique japonais pour cheveux fleur de cerisier"},"content":{"rendered":"<p>L&#8217;\u00e9lastique japonais pour cheveux est un parfait petit cadeau japonais pour les filles pour cr\u00e9er ce look japonais authentique et original ! Les couleurs et les dessins peuvent varier l\u00e9g\u00e8rement.<\/p>\n<p>Taille: 4 cm de diam\u00e8tre<\/p>\n","protected":false},"excerpt":{"rendered":"<p>Soyez glamour avec notre \u00e9lastique de cheveux japonais fleur de ceriser, un \u00e9lastique japonais original pour cheveux en forme de fleur de cerisier avec un joli motif floral rouge et noir et de beaux ornements. Fabriqu\u00e9 au Japon.<\/p>\n","protected":false},"featured_media":1582,"comment_status":"open","ping_status":"closed","template":"","meta":[],"product_cat":[167,151],"product_tag":[],"yst_prominent_words":[416],"_links":{"self":[{"href":"https:\/\/www.mikatani.com\/boutique\/wp-json\/wp\/v2\/product\/1583"}],"collection":[{"href":"https:\/\/www.mikatani.com\/boutique\/wp-json\/wp\/v2\/product"}],"about":[{"href":"https:\/\/www.mikatani.com\/boutique\/wp-json\/wp\/v2\/types\/product"}],"replies":[{"embeddable":true,"href":"https:\/\/www.mikatani.com\/boutique\/wp-json\/wp\/v2\/comments?post=1583"}],"version-history":[{"count":1,"href":"https:\/\/www.mikatani.com\/boutique\/wp-json\/wp\/v2\/product\/1583\/revisions"}],"predecessor-version":[{"id":1246198,"href":"https:\/\/www.mikatani.com\/boutique\/wp-json\/wp\/v2\/product\/1583\/revisions\/1246198"}],"wp:featuredmedia":[{"embeddable":true,"href":"https:\/\/www.mikatani.com\/boutique\/wp-json\/wp\/v2\/media\/1582"}],"wp:attachment":[{"href":"https:\/\/www.mikatani.com\/boutique\/wp-json\/wp\/v2\/media?parent=1583"}],"wp:term":[{"taxonomy":"product_cat","embeddable":true,"href":"https:\/\/www.mikatani.com\/boutique\/wp-json\/wp\/v2\/product_cat?post=1583"},{"taxonomy":"product_tag","embeddable":true,"href":"https:\/\/www.mikatani.com\/boutique\/wp-json\/wp\/v2\/product_tag?post=1583"},{"taxonomy":"yst_prominent_words","embeddable":true,"href":"https:\/\/www.mikatani.com\/boutique\/wp-json\/wp\/v2\/yst_prominent_words?post=1583"}],"curies":[{"name":"wp","href":"https:\/\/api.w.org\/{rel}","templated":true}]}}