{"id":1619,"date":"2018-06-06T19:26:42","date_gmt":"2018-06-06T17:26:42","guid":{"rendered":"https:\/\/www.mikatani.com\/boutique\/japon\/cadeau-japonais\/kimono-yukata-grande-taille-rouge-japonais"},"modified":"2022-08-10T07:37:54","modified_gmt":"2022-08-10T05:37:54","slug":"kimono-yukata-grande-taille-rouge-japonais","status":"publish","type":"product","link":"https:\/\/www.mikatani.com\/boutique\/kimono\/kimono-femme\/kimono-yukata-grande-taille-rouge-japonais","title":{"rendered":"Kimono Yukata grande taille rouge fleur de cerisier"},"content":{"rendered":"<p>Le Kimono Yukata grande taille rouge fleur de cerisier a \u00e9t\u00e9 fabriqu\u00e9 au Japon et a \u00e9t\u00e9 con\u00e7u dans le style kimono traditionnel avec des manches enti\u00e8rement d\u00e9coup\u00e9es, il peut \u00eatre port\u00e9 \u00e0 gauche ou \u00e0 droite, et attach\u00e9 \u00e0 l&#8217;avant ou \u00e0 l&#8217;arri\u00e8re, avec la ceinture ou obi .<\/p>\n<p>Taille: 145cm de long, id\u00e9al pour les femmes de 16 \u00e0 22 ans et plus de 168cm ou plus.<\/p>\n<h2>Photos HD du Kimono japonais grande taille rouge fleur de cerisier<\/h2>\n<p><a href=\"https:\/\/www.mikatani.com\/boutique\/wp-content\/uploads\/2018\/06\/kimono-femme-long-rouge-grande-taille-3.jpg\" target=\"_blank\" rel=\"noopener noreferrer\"><img class=\" size-full wp-image-1614\" src=\"https:\/\/www.mikatani.com\/boutique\/wp-content\/uploads\/2018\/06\/kimono-femme-long-rouge-grande-taille-3-Kimono-japonais-femme-en-soie-long-noir-motif-floral.jpg\" alt=\"Kimono japonais femme en soie long noir motif floral\" width=\"300\" height=\"300\" srcset=\"https:\/\/www.mikatani.com\/boutique\/wp-content\/uploads\/2018\/06\/kimono-femme-long-rouge-grande-taille-3-Kimono-japonais-femme-en-soie-long-noir-motif-floral.jpg 300w, https:\/\/www.mikatani.com\/boutique\/wp-content\/uploads\/2018\/06\/kimono-femme-long-rouge-grande-taille-3-Kimono-japonais-femme-en-soie-long-noir-motif-floral-150x150.jpg 150w, https:\/\/www.mikatani.com\/boutique\/wp-content\/uploads\/2018\/06\/kimono-femme-long-rouge-grande-taille-3-Kimono-japonais-femme-en-soie-long-noir-motif-floral-75x75.jpg 75w, https:\/\/www.mikatani.com\/boutique\/wp-content\/uploads\/2018\/06\/kimono-femme-long-rouge-grande-taille-3-Kimono-japonais-femme-en-soie-long-noir-motif-floral-100x100.jpg 100w\" sizes=\"(max-width: 300px) 100vw, 300px\" \/><\/a><\/p>\n<p><a href=\"https:\/\/www.mikatani.com\/boutique\/wp-content\/uploads\/2018\/06\/kimono-femme-long-rouge-grande-taille-2.jpg\" target=\"_blank\" rel=\"noopener noreferrer\"><img class=\" size-full wp-image-1616\" src=\"https:\/\/www.mikatani.com\/boutique\/wp-content\/uploads\/2018\/06\/kimono-femme-long-rouge-grande-taille-2-Kimono-japonais-femme-en-soie-long-noir-motif-floral.jpg\" alt=\"Kimono japonais femme en soie long noir motif floral\" width=\"300\" height=\"300\" srcset=\"https:\/\/www.mikatani.com\/boutique\/wp-content\/uploads\/2018\/06\/kimono-femme-long-rouge-grande-taille-2-Kimono-japonais-femme-en-soie-long-noir-motif-floral.jpg 300w, https:\/\/www.mikatani.com\/boutique\/wp-content\/uploads\/2018\/06\/kimono-femme-long-rouge-grande-taille-2-Kimono-japonais-femme-en-soie-long-noir-motif-floral-150x150.jpg 150w, https:\/\/www.mikatani.com\/boutique\/wp-content\/uploads\/2018\/06\/kimono-femme-long-rouge-grande-taille-2-Kimono-japonais-femme-en-soie-long-noir-motif-floral-75x75.jpg 75w, https:\/\/www.mikatani.com\/boutique\/wp-content\/uploads\/2018\/06\/kimono-femme-long-rouge-grande-taille-2-Kimono-japonais-femme-en-soie-long-noir-motif-floral-100x100.jpg 100w\" sizes=\"(max-width: 300px) 100vw, 300px\" \/><\/a><\/p>\n<p><a href=\"https:\/\/www.mikatani.com\/boutique\/wp-content\/uploads\/2018\/06\/kimono-femme-long-rouge-grande-taille.jpg\" target=\"_blank\" rel=\"noopener noreferrer\"><img class=\" size-full wp-image-1618\" src=\"https:\/\/www.mikatani.com\/boutique\/wp-content\/uploads\/2018\/06\/kimono-femme-long-rouge-grande-taille-Kimono-japonais-femme-en-soie-long-noir-motif-floral.jpg\" alt=\"Kimono japonais femme en soie long noir motif floral\" width=\"300\" height=\"300\" srcset=\"https:\/\/www.mikatani.com\/boutique\/wp-content\/uploads\/2018\/06\/kimono-femme-long-rouge-grande-taille-Kimono-japonais-femme-en-soie-long-noir-motif-floral.jpg 300w, https:\/\/www.mikatani.com\/boutique\/wp-content\/uploads\/2018\/06\/kimono-femme-long-rouge-grande-taille-Kimono-japonais-femme-en-soie-long-noir-motif-floral-150x150.jpg 150w, https:\/\/www.mikatani.com\/boutique\/wp-content\/uploads\/2018\/06\/kimono-femme-long-rouge-grande-taille-Kimono-japonais-femme-en-soie-long-noir-motif-floral-75x75.jpg 75w, https:\/\/www.mikatani.com\/boutique\/wp-content\/uploads\/2018\/06\/kimono-femme-long-rouge-grande-taille-Kimono-japonais-femme-en-soie-long-noir-motif-floral-100x100.jpg 100w\" sizes=\"(max-width: 300px) 100vw, 300px\" \/><\/a><\/p>\n","protected":false},"excerpt":{"rendered":"<p>Le Kimono Yukata grande taille rouge fleur de cerisier est tr\u00e8s long et tr\u00e8s \u00e9l\u00e9gant, id\u00e9al pour se d\u00e9tendre \u00e0 la maison ou en vacances. Avec un tr\u00e8s joli imprim\u00e9 floral de fleurs de cerisier, cet authentique yukata japonais, ou kimono l\u00e9ger, est vraiment agr\u00e9able \u00e0 porter et un cadeau id\u00e9al pour un \u00eatre cher ou un cadeau tr\u00e8s \u00e9l\u00e9gant \u00e0 se faire soit-m\u00eame.<\/p>\n","protected":false},"featured_media":1610,"comment_status":"open","ping_status":"closed","template":"","meta":[],"product_cat":[365,171,183,184,185,186,150],"product_tag":[],"yst_prominent_words":[491,1633,1629,1632,1628,1625,388,1350,1631,1626,484,1630,1627,1623],"_links":{"self":[{"href":"https:\/\/www.mikatani.com\/boutique\/wp-json\/wp\/v2\/product\/1619"}],"collection":[{"href":"https:\/\/www.mikatani.com\/boutique\/wp-json\/wp\/v2\/product"}],"about":[{"href":"https:\/\/www.mikatani.com\/boutique\/wp-json\/wp\/v2\/types\/product"}],"replies":[{"embeddable":true,"href":"https:\/\/www.mikatani.com\/boutique\/wp-json\/wp\/v2\/comments?post=1619"}],"version-history":[{"count":1,"href":"https:\/\/www.mikatani.com\/boutique\/wp-json\/wp\/v2\/product\/1619\/revisions"}],"predecessor-version":[{"id":3380,"href":"https:\/\/www.mikatani.com\/boutique\/wp-json\/wp\/v2\/product\/1619\/revisions\/3380"}],"wp:featuredmedia":[{"embeddable":true,"href":"https:\/\/www.mikatani.com\/boutique\/wp-json\/wp\/v2\/media\/1610"}],"wp:attachment":[{"href":"https:\/\/www.mikatani.com\/boutique\/wp-json\/wp\/v2\/media?parent=1619"}],"wp:term":[{"taxonomy":"product_cat","embeddable":true,"href":"https:\/\/www.mikatani.com\/boutique\/wp-json\/wp\/v2\/product_cat?post=1619"},{"taxonomy":"product_tag","embeddable":true,"href":"https:\/\/www.mikatani.com\/boutique\/wp-json\/wp\/v2\/product_tag?post=1619"},{"taxonomy":"yst_prominent_words","embeddable":true,"href":"https:\/\/www.mikatani.com\/boutique\/wp-json\/wp\/v2\/yst_prominent_words?post=1619"}],"curies":[{"name":"wp","href":"https:\/\/api.w.org\/{rel}","templated":true}]}}