{"id":197831,"date":"2019-11-24T21:19:19","date_gmt":"2019-11-24T20:19:19","guid":{"rendered":"https:\/\/www.mikatani.com\/boutique\/?post_type=product&#038;p=197831"},"modified":"2025-09-10T22:59:16","modified_gmt":"2025-09-10T20:59:16","slug":"kimono-japonais-rose-long-soie-ukiyoe","status":"publish","type":"product","link":"https:\/\/www.mikatani.com\/boutique\/kimono\/kimono-en-soie\/kimono-japonais-rose-long-soie-ukiyoe","title":{"rendered":"Kimono Japonais rose long  en soie motif Ukiyoe"},"content":{"rendered":"<p>Le kimono Japonais rose long en soie motif Ukiyoe est extr\u00eamement \u00e9l\u00e9gant et doux au toucher, parfait pour se d\u00e9tendre \u00e0 la maison ou en vacances! Si vous cherchez un cadeau pour un ami ou un cadeau \u00e0 vous faire, ce luxueux kimono japonais est ce qu&#8217;il vous faut !<\/p>\n<p>Taille: 140cm de long, id\u00e9al pour les femmes de 1,62m ou plus.<\/p>\n","protected":false},"excerpt":{"rendered":"<p>Le Kimono Japonais rose long en soie motif Ukiyoe est un tr\u00e8s beau kimono japonais authentique (ou yukata ) de couleur rose, enti\u00e8rement en soie, avec un imprim\u00e9 floral \u00e9l\u00e9gant. Fabriqu\u00e9 \u00e0 Kyoto dans le m\u00eame style qu&#8217;un kimono japonais traditionnel avec des manches parfaitement coup\u00e9es pouvant servir de poches, il se porte g\u00e9n\u00e9ralement \u00e0 gauche et est l\u00e9g\u00e8rement nou\u00e9 \u00e0 l&#8217;aide de la ceinture ou de l&#8217; obi fourni.<\/p>\n<h2 style=\"text-align: center;\"><span style=\"color: #fbbf28;\"><span style=\"color: #000000;\"><strong><span style=\"color: #d0121a;\">Achetez l&#8217;\u00e9quivalent de ce produit<\/span><\/strong><\/span><\/span><\/h2>\n<h2 style=\"text-align: center;\"><\/h2>\n<h2 style=\"text-align: center;\"><span style=\"color: #fbbf28;\"><span style=\"color: #000000;\"><span style=\"color: #fbbf28;\">\u25bc <\/span><strong><span style=\"color: #d0121a;\">ici<\/span><\/strong><\/span> <span style=\"color: #fbcd28;\">\u25bc<\/span><\/span><\/h2>\n<\/p>\n<p style=\"text-align: center;\"><a rel=\"sponsored noopener\" href=\"https:\/\/www.amazon.fr\/Aensso-Kimono-femme-l%C3%A9ger-floral\/dp\/B09283Y4QM?__mk_fr_FR=%C3%85M%C3%85%C5%BD%C3%95%C3%91&#038;keywords=kimono+femme+soie+rose&#038;qid=1670237595&#038;refinements=p_n_size_two_browse-vebin%3A14223305031%2Cp_n_material_browse%3A2434157031%2Cp_36%3A10000-30000&#038;rnid=2492331031&#038;s=apparel&#038;sr=1-4&#038;linkCode=li3&#038;tag=mikatani-21&#038;linkId=e537f865fd9996d41f2d2bf51a74217f&#038;language=fr_FR&#038;ref_=as_li_ss_il\" target=\"_blank\"><img border=\"0\" src=\"\/\/ws-eu.amazon-adsystem.com\/widgets\/q?_encoding=UTF8&#038;ASIN=B09283Y4QM&#038;Format=_SL250_&#038;ID=AsinImage&#038;MarketPlace=FR&#038;ServiceVersion=20070822&#038;WS=1&#038;tag=mikatani-21&#038;language=fr_FR\" ><\/a><img src=\"https:\/\/ir-fr.amazon-adsystem.com\/e\/ir?t=mikatani-21&#038;language=fr_FR&#038;l=li3&#038;o=8&#038;a=B09283Y4QM\" width=\"1\" height=\"1\" border=\"0\" alt=\"\" style=\"border:none !important; margin:0px !important;\" \/><\/p>\n","protected":false},"featured_media":197898,"comment_status":"open","ping_status":"closed","template":"","meta":[],"product_cat":[365,171,176,183,146,147,186,150,130],"product_tag":[],"yst_prominent_words":[1585,416,388,480],"_links":{"self":[{"href":"https:\/\/www.mikatani.com\/boutique\/wp-json\/wp\/v2\/product\/197831"}],"collection":[{"href":"https:\/\/www.mikatani.com\/boutique\/wp-json\/wp\/v2\/product"}],"about":[{"href":"https:\/\/www.mikatani.com\/boutique\/wp-json\/wp\/v2\/types\/product"}],"replies":[{"embeddable":true,"href":"https:\/\/www.mikatani.com\/boutique\/wp-json\/wp\/v2\/comments?post=197831"}],"version-history":[{"count":5,"href":"https:\/\/www.mikatani.com\/boutique\/wp-json\/wp\/v2\/product\/197831\/revisions"}],"predecessor-version":[{"id":1246686,"href":"https:\/\/www.mikatani.com\/boutique\/wp-json\/wp\/v2\/product\/197831\/revisions\/1246686"}],"wp:featuredmedia":[{"embeddable":true,"href":"https:\/\/www.mikatani.com\/boutique\/wp-json\/wp\/v2\/media\/197898"}],"wp:attachment":[{"href":"https:\/\/www.mikatani.com\/boutique\/wp-json\/wp\/v2\/media?parent=197831"}],"wp:term":[{"taxonomy":"product_cat","embeddable":true,"href":"https:\/\/www.mikatani.com\/boutique\/wp-json\/wp\/v2\/product_cat?post=197831"},{"taxonomy":"product_tag","embeddable":true,"href":"https:\/\/www.mikatani.com\/boutique\/wp-json\/wp\/v2\/product_tag?post=197831"},{"taxonomy":"yst_prominent_words","embeddable":true,"href":"https:\/\/www.mikatani.com\/boutique\/wp-json\/wp\/v2\/yst_prominent_words?post=197831"}],"curies":[{"name":"wp","href":"https:\/\/api.w.org\/{rel}","templated":true}]}}