{"id":643,"date":"2012-12-19T00:00:00","date_gmt":"2012-12-18T23:00:00","guid":{"rendered":"https:\/\/www.mikatani.com\/boutique\/produit-japonais\/mini-jupe-minami-mode-asiatique-tendance-japonaise-coreenne-lolita-kawaii\/"},"modified":"2020-02-13T23:11:44","modified_gmt":"2020-02-13T22:11:44","slug":"mini-jupe-minami-mode-asiatique-tendance-japonaise-coreenne-lolita-kawaii","status":"publish","type":"product","link":"https:\/\/www.mikatani.com\/boutique\/mode-vetements\/robes-jupes-mode-asiatique-tendance-japonaise-coreenne-vetement-kawaii\/mini-jupe-minami-mode-asiatique-tendance-japonaise-coreenne-lolita-kawaii","title":{"rendered":"Mini-jupe Minami"},"content":{"rendered":"<p>Petite jupe bleue \u00e0 double volant \u00e9vas\u00e9. Taille \u00e9lastiqu\u00e9e.<\/p>\n<p>Taille fran\u00e7aise unique : 36-40<br \/>Couleur : bleu<br \/>Mati\u00e8re : polyester<br \/>Longueur : 33cm environ ; taille 62-84cm environ<\/p>\n","protected":false},"excerpt":{"rendered":"<p>Petite jupe bleue \u00e0 double volant \u00e9vas\u00e9. Taille \u00e9lastiqu\u00e9e. Taille fran\u00e7aise unique : 36-40Couleur : bleuMati\u00e8re : polyesterLongueur : 33cm environ ; taille 62-84cm environ<\/p>\n","protected":false},"featured_media":641,"comment_status":"open","ping_status":"closed","template":"","meta":[],"product_cat":[134],"product_tag":[],"yst_prominent_words":[],"_links":{"self":[{"href":"https:\/\/www.mikatani.com\/boutique\/wp-json\/wp\/v2\/product\/643"}],"collection":[{"href":"https:\/\/www.mikatani.com\/boutique\/wp-json\/wp\/v2\/product"}],"about":[{"href":"https:\/\/www.mikatani.com\/boutique\/wp-json\/wp\/v2\/types\/product"}],"replies":[{"embeddable":true,"href":"https:\/\/www.mikatani.com\/boutique\/wp-json\/wp\/v2\/comments?post=643"}],"version-history":[{"count":0,"href":"https:\/\/www.mikatani.com\/boutique\/wp-json\/wp\/v2\/product\/643\/revisions"}],"wp:featuredmedia":[{"embeddable":true,"href":"https:\/\/www.mikatani.com\/boutique\/wp-json\/wp\/v2\/media\/641"}],"wp:attachment":[{"href":"https:\/\/www.mikatani.com\/boutique\/wp-json\/wp\/v2\/media?parent=643"}],"wp:term":[{"taxonomy":"product_cat","embeddable":true,"href":"https:\/\/www.mikatani.com\/boutique\/wp-json\/wp\/v2\/product_cat?post=643"},{"taxonomy":"product_tag","embeddable":true,"href":"https:\/\/www.mikatani.com\/boutique\/wp-json\/wp\/v2\/product_tag?post=643"},{"taxonomy":"yst_prominent_words","embeddable":true,"href":"https:\/\/www.mikatani.com\/boutique\/wp-json\/wp\/v2\/yst_prominent_words?post=643"}],"curies":[{"name":"wp","href":"https:\/\/api.w.org\/{rel}","templated":true}]}}