{"id":645,"date":"2013-03-23T00:00:00","date_gmt":"2013-03-22T23:00:00","guid":{"rendered":"https:\/\/www.mikatani.com\/boutique\/produit-japonais\/bague-moustache-kawaii-retro-bijou-fantaisie-asiatique-vintage\/"},"modified":"2019-03-21T16:16:52","modified_gmt":"2019-03-21T15:16:52","slug":"bague-moustache-kawaii-retro-bijou-fantaisie-asiatique-vintage","status":"publish","type":"product","link":"https:\/\/www.mikatani.com\/boutique\/mode-vetements\/bijoux-kawaii\/bague-japonaise-bijou-asiatique-kawaii\/bague-moustache-kawaii-retro-bijou-fantaisie-asiatique-vintage","title":{"rendered":"Bague Moustache"},"content":{"rendered":"<p>Tendance r\u00e9tro pour cette jolie bague \u00ab moustache \u00bb en m\u00e9tal dor\u00e9, laqu\u00e9 sur le devant.<br \/>Mont\u00e9e sur un anneau ajustable.<\/p>\n<p>Coloris : rose laqu\u00e9<br \/>Mati\u00e8re : m\u00e9tal dor\u00e9 ros\u00e9<br \/>Taille r\u00e9glable : M \u00e0 L<br \/>Dimensions : 3,4 x 1,2cm<\/p>\n","protected":false},"excerpt":{"rendered":"<p>Tendance r\u00e9tro pour cette jolie bague \u00ab moustache \u00bb en m\u00e9tal dor\u00e9, laqu\u00e9 sur le devant.Mont\u00e9e sur un anneau ajustable. Coloris : rose laqu\u00e9Mati\u00e8re : m\u00e9tal dor\u00e9 ros\u00e9Taille r\u00e9glable : M \u00e0 LDimensions : 3,4 x 1,2cm<\/p>\n","protected":false},"featured_media":644,"comment_status":"open","ping_status":"closed","template":"","meta":[],"product_cat":[172,151],"product_tag":[],"yst_prominent_words":[],"_links":{"self":[{"href":"https:\/\/www.mikatani.com\/boutique\/wp-json\/wp\/v2\/product\/645"}],"collection":[{"href":"https:\/\/www.mikatani.com\/boutique\/wp-json\/wp\/v2\/product"}],"about":[{"href":"https:\/\/www.mikatani.com\/boutique\/wp-json\/wp\/v2\/types\/product"}],"replies":[{"embeddable":true,"href":"https:\/\/www.mikatani.com\/boutique\/wp-json\/wp\/v2\/comments?post=645"}],"version-history":[{"count":0,"href":"https:\/\/www.mikatani.com\/boutique\/wp-json\/wp\/v2\/product\/645\/revisions"}],"wp:featuredmedia":[{"embeddable":true,"href":"https:\/\/www.mikatani.com\/boutique\/wp-json\/wp\/v2\/media\/644"}],"wp:attachment":[{"href":"https:\/\/www.mikatani.com\/boutique\/wp-json\/wp\/v2\/media?parent=645"}],"wp:term":[{"taxonomy":"product_cat","embeddable":true,"href":"https:\/\/www.mikatani.com\/boutique\/wp-json\/wp\/v2\/product_cat?post=645"},{"taxonomy":"product_tag","embeddable":true,"href":"https:\/\/www.mikatani.com\/boutique\/wp-json\/wp\/v2\/product_tag?post=645"},{"taxonomy":"yst_prominent_words","embeddable":true,"href":"https:\/\/www.mikatani.com\/boutique\/wp-json\/wp\/v2\/yst_prominent_words?post=645"}],"curies":[{"name":"wp","href":"https:\/\/api.w.org\/{rel}","templated":true}]}}